{"id":4071,"date":"2019-11-10T18:02:16","date_gmt":"2019-11-10T21:02:16","guid":{"rendered":"http:\/\/flordeibez.org\/flor\/?page_id=4071"},"modified":"2019-11-11T18:19:14","modified_gmt":"2019-11-11T21:19:14","slug":"artigo_sementes-e-saberes","status":"publish","type":"page","link":"https:\/\/flordeibez.org\/flor\/artigo_sementes-e-saberes\/","title":{"rendered":"Sementes e Saberes na Aldeia Rip\u00e1"},"content":{"rendered":"<div id=\"pl-4071\"  class=\"panel-layout\" ><div id=\"pg-4071-0\"  class=\"panel-grid panel-has-style\" ><div class=\"panel-row-style panel-row-style-for-4071-0\" ><div id=\"pgc-4071-0-0\"  class=\"panel-grid-cell\" ><div id=\"panel-4071-0-0-0\" class=\"so-panel widget widget_text panel-first-child panel-last-child\" data-index=\"0\" ><div class=\"panel-widget-style panel-widget-style-for-4071-0-0-0\" >\t\t\t<div class=\"textwidget\"><p style=\"text-align: right; font-size: 33px; font-family: helvetica, arial, sans-serif; color: #fff; font-weight: normal;\">ARTIGO<\/p>\n<p style=\"text-align: right; font-size: 48px; font-family: helvetica, arial, sans-serif; color: #fff; font-weight: bold;\">Sementes<br \/>\ne saberes<br \/>\nna aldeia Rip\u00e1<\/p>\n<p style=\"text-align: right; font-size: 16px; font-family: helvetica, arial, sans-serif; color: #fff; font-weight: normal;\">Texto e fotos por Andressa Santos Domingues<\/p>\n<\/div>\n\t\t<\/div><\/div><\/div><\/div><\/div><div id=\"pg-4071-1\"  class=\"panel-grid panel-no-style\" ><div id=\"pgc-4071-1-0\"  class=\"panel-grid-cell\" ><div id=\"panel-4071-1-0-0\" class=\"so-panel widget widget_text panel-first-child panel-last-child\" data-index=\"1\" ><div class=\"panel-widget-style panel-widget-style-for-4071-1-0-0\" >\t\t\t<div class=\"textwidget\"><p style=\"text-align: center; font-size: 32px; font-family: helvetica, arial, sans-serif; color: #6d6d6d;\"><b>Sementes e saberes na aldeia Rip\u00e1<\/b><\/p>\n<p style=\"text-align: left; font-size: 17px; font-family: helvetica, arial, sans-serif; color: #8c8c8c; font-weight: normal;\">&#8220;A planta [os alimentos] de agropecu\u00e1ria, do agroneg\u00f3cio n\u00e3o \u00e9 bom pra nossa sa\u00fade! O nosso \u00e9 ro\u00e7a tradicional. Esse \u00e9 importante. Esse neg\u00f3cio \u00e9 muito s\u00e9rio. Por isso n\u00f3s estamos muito agradecidos por voc\u00eas, que est\u00e3o vindo aqui, de muito longe, pra gente se escutar. N\u00f3s estamos convidando pra gente recuperar [o territ\u00f3rio]. Vamos dar uma for\u00e7a, m\u00e3o com m\u00e3o, em cada conversa. Pra mim, eu sozinho, eu n\u00e3o aguento. Pra voc\u00eas que vem de longe daqui, vamos fazer uma reuni\u00e3o pra recuperar [o territ\u00f3rio].&#8221; (Sumen\u00e9, Cacique Xavante da Aldeia Santa Cruz\/Rip\u00e1).<\/p>\n<p style=\"text-align: left; font-size: 17px; font-family: helvetica, arial, sans-serif; color: #8c8c8c; font-weight: normal;\">A fala do Cacique Sumen\u00e9 abriu a Segunda Feira de Sementes e Saberes, organizada de forma aut\u00f4noma pela Associa\u00e7\u00e3o Ind\u00edgena Rip\u00e1 de Entodesenvolvimento (AIRE), no Territ\u00f3rio Ind\u00edgena (T.I.) Xavante de Pimentel Barbosa, com a participa\u00e7\u00e3o de tr\u00eas etnias convidadas: Xerente (T.O.), Kanela (M.A.) e Krah\u00f4 (T.O).<\/p>\n<p style=\"text-align: left; font-size: 17px; font-family: helvetica, arial, sans-serif; color: #8c8c8c; font-weight: normal;\">Entre os dias 19 e 21 de outubro de 2019, os ind\u00edgenas A&#8217;uw\u0113 Xavante tamb\u00e9m recepcionaram institui\u00e7\u00f5es parceiras como a Associa\u00e7\u00e3o Rede de Sementes do Xingu (ARSX), a Funai, o Instituto Flor de Ibez e representantes do MPMT de Barra do Gar\u00e7as\/ MT, na aldeia Santa Cruz\/Rip\u00e1, criando assim um espa\u00e7o de di\u00e1logo e partilha sobre territorialidade, sa\u00fade do territ\u00f3rio e economia sustent\u00e1vel.<\/p>\n<p style=\"text-align: left; font-size: 17px; font-family: helvetica, arial, sans-serif; color: #8c8c8c; font-weight: normal;\">Durante o evento, os A&#8217;uw\u0113 Xavante puderam relembrar e compartilhar as transforma\u00e7\u00f5es crescentes da aldeia Santa Cruz\/Rip\u00e1 no que concerne \u00e0 gest\u00e3o territorial, \u00e0 organiza\u00e7\u00e3o aut\u00f4noma da comunidade e aspectos essenciais para a melhoria e soberania do territ\u00f3rio e da alimenta\u00e7\u00e3o.<\/p>\n<p style=\"text-align: left; font-size: 17px; font-family: helvetica, arial, sans-serif; color: #8c8c8c; font-weight: normal;\">Um dos aspectos a se mencionar \u00e9 como os A&#8217;uw\u0113 Xavante v\u00eam buscando integrar o modo de vida atual e o calend\u00e1rio tradicional. Nesse ponto, a coleta de sementes do Cerrado, feita principalmente pelas mulheres, tem papel fundamental na multiplica\u00e7\u00e3o e armazenamento das esp\u00e9cies da regi\u00e3o, que se soma ao armazenamento de sementes tradicionais de ro\u00e7a, como o milho \u2013 <i>noz\u00e2<\/i> \u2013 e o feij\u00e3o \u2013 <i>uhi<\/i>.<\/p>\n<p style=\"text-align: left; font-size: 17px; font-family: helvetica, arial, sans-serif; color: #8c8c8c; font-weight: normal;\">Enquanto a ro\u00e7a procura suprir parte da demanda alimentar da Rip\u00e1, a coleta das sementes florestais enriquece a alimenta\u00e7\u00e3o e contribui com a economia local, possibilitando a amplia\u00e7\u00e3o de projetos na comunidade ao serem comercializadas, especialmente junto \u00e0 ARSX, presente na aldeia desde 2013.<\/p>\n<p style=\"text-align: left; font-size: 17px; font-family: helvetica, arial, sans-serif; color: #8c8c8c; font-weight: normal;\">A uni\u00e3o e a autonomia dos povos foram refor\u00e7adas pelas falas das tr\u00eas lideran\u00e7as convidadas \u2013 Xerente, Kanela e Krah\u00f4 \u2013, que tamb\u00e9m teceram um breve panorama de a\u00e7\u00f5es que ocorrem em seus territ\u00f3rios. A apresenta\u00e7\u00e3o de dan\u00e7as e cantos tradicionais permeou e enriqueceu os diferentes momentos da Feira, vibrando o espa\u00e7o de reuni\u00f5es com o ecoar das vozes.<\/p>\n<\/div>\n\t\t<\/div><\/div><\/div><\/div><div id=\"pg-4071-2\"  class=\"panel-grid panel-has-style\" ><div class=\"panel-row-style panel-row-style-for-4071-2\" ><div id=\"pgc-4071-2-0\"  class=\"panel-grid-cell\" ><div id=\"panel-4071-2-0-0\" class=\"so-panel widget widget_media_image panel-first-child panel-last-child\" data-index=\"2\" ><img width=\"737\" height=\"800\" src=\"https:\/\/flordeibez.org\/flor\/wp-content\/uploads\/2019\/11\/anciao_auwe-2-737x800.jpg\" class=\"image wp-image-4078  attachment-medium size-medium\" alt=\"\" decoding=\"async\" loading=\"lazy\" style=\"max-width: 100%; height: auto;\" title=\"Anci\u00f5es e crian\u00e7a A&#039;uw\u1ebd\" \/><\/div><\/div><div id=\"pgc-4071-2-1\"  class=\"panel-grid-cell\" ><div id=\"panel-4071-2-1-0\" class=\"so-panel widget widget_media_image panel-first-child panel-last-child\" data-index=\"3\" ><img width=\"800\" height=\"600\" src=\"https:\/\/flordeibez.org\/flor\/wp-content\/uploads\/2019\/11\/reuniao_povo-auwe-800x600.jpg\" class=\"image wp-image-4079  attachment-medium size-medium\" alt=\"\" decoding=\"async\" loading=\"lazy\" style=\"max-width: 100%; height: auto;\" srcset=\"https:\/\/flordeibez.org\/flor\/wp-content\/uploads\/2019\/11\/reuniao_povo-auwe.jpg 800w, https:\/\/flordeibez.org\/flor\/wp-content\/uploads\/2019\/11\/reuniao_povo-auwe-768x576.jpg 768w\" sizes=\"(max-width: 800px) 100vw, 800px\" \/><\/div><\/div><\/div><\/div><div id=\"pg-4071-3\"  class=\"panel-grid panel-no-style\" ><div id=\"pgc-4071-3-0\"  class=\"panel-grid-cell\" ><div id=\"panel-4071-3-0-0\" class=\"so-panel widget widget_text panel-first-child panel-last-child\" data-index=\"4\" ><div class=\"panel-widget-style panel-widget-style-for-4071-3-0-0\" >\t\t\t<div class=\"textwidget\"><p style=\"text-align: left; font-size: 17px; font-family: helvetica, arial, sans-serif; color: #8c8c8c; font-weight: normal;\">Na manh\u00e3 do dia 19 de outubro, uma expedi\u00e7\u00e3o de coleta e reconhecimento de sementes, o Dzomori, foi guiada pelas mulheres A&#8217;uw\u0113. \u00c0 tarde, as A&#8217;uw\u0113 facilitaram uma oficina de cestaria de palha de buriti, enquanto o anci\u00e3o Waraci guiava uma oficina de confec\u00e7\u00e3o de flechas tradicionais. Ao final do dia todos convidados puderam participar do <span style=\"font-weight: bold; color: #6d6d6d;\" title=\"1. Reuni\u00e3o da tradi\u00e7\u00e3o A'uw\u0113 que ocorre todos os dias, entre os homens, ao alvorecer e ao anoitecer, quando sonhos s\u00e3o compartilhados e decis\u00f5es em grupo s\u00e3o tomadas.\"><i>War\u00e3<\/i><\/span><sup> 1<\/sup>, quando, entre outras coisas, o Cacique Sumen\u00e9 refor\u00e7ou a import\u00e2ncia de cada um para a realiza\u00e7\u00e3o do evento.<\/p>\n<\/div>\n\t\t<\/div><\/div><\/div><\/div><div id=\"pg-4071-4\"  class=\"panel-grid panel-has-style\" ><div class=\"panel-row-style panel-row-style-for-4071-4\" ><div id=\"pgc-4071-4-0\"  class=\"panel-grid-cell\" ><div id=\"panel-4071-4-0-0\" class=\"so-panel widget widget_media_image panel-first-child panel-last-child\" data-index=\"5\" ><div class=\"panel-widget-style panel-widget-style-for-4071-4-0-0\" ><img width=\"800\" height=\"600\" src=\"https:\/\/flordeibez.org\/flor\/wp-content\/uploads\/2019\/11\/tora-buriti-800x600.jpg\" class=\"image wp-image-4087  attachment-medium size-medium\" alt=\"\" decoding=\"async\" loading=\"lazy\" style=\"max-width: 100%; height: auto;\" srcset=\"https:\/\/flordeibez.org\/flor\/wp-content\/uploads\/2019\/11\/tora-buriti.jpg 800w, https:\/\/flordeibez.org\/flor\/wp-content\/uploads\/2019\/11\/tora-buriti-768x576.jpg 768w\" sizes=\"(max-width: 800px) 100vw, 800px\" \/><\/div><\/div><\/div><div id=\"pgc-4071-4-1\"  class=\"panel-grid-cell\" ><div id=\"panel-4071-4-1-0\" class=\"so-panel widget widget_text panel-first-child panel-last-child\" data-index=\"6\" ><div class=\"panel-widget-style panel-widget-style-for-4071-4-1-0\" >\t\t\t<div class=\"textwidget\"><p style=\"text-align: left; font-size: 17px; font-family: helvetica, arial, sans-serif; color: #8c8c8c; font-weight: normal;\">No domingo (20) logo cedo os A&#8217;uw\u0113 Xavante iniciaram a prepara\u00e7\u00e3o das toras de buriti para a corrida entre os homens, o <i>Ui&#8217;wede<\/i>, torneio tradicional tamb\u00e9m presente na cultura Krah\u00f4. Os homens das etnias Kanela, Krah\u00f4, Xerente e Xavante participaram da competi\u00e7\u00e3o em equipes, enquanto um caminh\u00e3o e duas caminhonetes lotadas de pessoas acompanhavam os corredores que percorreram cerca de 2 km com as toras em seus ombros.<\/p>\n<\/div>\n\t\t<\/div><\/div><\/div><\/div><\/div><div id=\"pg-4071-5\"  class=\"panel-grid panel-no-style\" ><div id=\"pgc-4071-5-0\"  class=\"panel-grid-cell\" ><div id=\"panel-4071-5-0-0\" class=\"so-panel widget widget_text panel-first-child panel-last-child\" data-index=\"7\" ><div class=\"panel-widget-style panel-widget-style-for-4071-5-0-0\" >\t\t\t<div class=\"textwidget\"><p style=\"text-align: left; font-size: 17px; font-family: helvetica, arial, sans-serif; color: #8c8c8c; font-weight: normal;\">Na parte da tarde, uma intera\u00e7\u00e3o mais direta entre as institui\u00e7\u00f5es ocorreu por meio das falas de Alexandre Lemos, indigenista e membro da AIRE, Jo\u00e3o Carlos Pereira representante da ARSX e do professor Magno Silvestri, da \u00e1rea de Geografia da Universidade Federal do Mato Grosso (UFMT). Tratou-se do funcionamento da ARSX nas aldeias, perspectivas e desafios na coleta de sementes e outros temas relacionados \u00e0s \u00e1reas de ocupa\u00e7\u00e3o Xavante, territ\u00f3rio e sa\u00fade, enriquecidos pelo trabalho do professor da UFMT sobre territorialidade Xavante no leste do Mato Grosso. Logo ap\u00f3s, o canto Krah\u00f4 ao som do marac\u00e1 deu in\u00edcio \u00e0 Troca de Sementes.<\/p>\n<p style=\"text-align: left; font-size: 17px; font-family: helvetica, arial, sans-serif; color: #8c8c8c; font-weight: normal;\">Diversas esp\u00e9cies como caju, mangaba, baru, copa\u00edba, a\u00e7a\u00ed, urucum, ing\u00e1, milhos, feij\u00f5es e manivas de mandioca foram postas \u00e0s mesas para trocas. Artesanatos como colares, pulseiras e brincos feitos de tiririca, capim dourado e mi\u00e7angas e as cestarias Xavante, Xerente, Krah\u00f4 e Kanela completaram o quadro de exposi\u00e7\u00f5es da Feira, dando mais cor ao evento.<\/p>\n<p style=\"text-align: left; font-size: 17px; font-family: helvetica, arial, sans-serif; color: #8c8c8c; font-weight: normal;\">Al\u00e9m das rodas de conversa e atividades culturais que permearam toda a programa\u00e7\u00e3o, integrando ind\u00edgenas e n\u00e3o-ind\u00edgenas, um bolo tradicional de milho, <i>tsadar\u00e9<\/i>, feito pela A&#8217;uw\u0113 Madalena, introduziu os participantes na culin\u00e1ria Xavante. Logo ap\u00f3s, duas partidas de futebol simult\u00e2neas \u2013 uma com o time dos homens e outra com o das mulheres \u2013 descontra\u00edram com alegria o encerramento das atividades da tarde.<\/p>\n<p style=\"text-align: left; font-size: 17px; font-family: helvetica, arial, sans-serif; color: #8c8c8c; font-weight: normal;\">\u00c0 noite o tempo fechou e uma tempestade de areia dispersou parte do pessoal, mas no centro da aldeia formou-se um grande c\u00edrculo de m\u00e3os entrela\u00e7adas para entoar os cantos tradicionais A\u2019uw\u1ebd e preparar o grupo para a noite de sonhos, t\u00e3o valorizados por essa etnia.<\/p>\n<p style=\"text-align: left; font-size: 17px; font-family: helvetica, arial, sans-serif; color: #8c8c8c; font-weight: normal;\">Na manh\u00e3 de segunda (21), as palavras das mulheres foram escutadas por todos. Di\u00e1logos entre as coletoras de sementes e lideran\u00e7as, como a Cacica Elisabete do povo Xerente, deram fechamento ao segundo encontro da Feira de Sementes e Saberes da AIRE.<\/p>\n<p style=\"text-align: left; font-size: 17px; font-family: helvetica, arial, sans-serif; color: #8c8c8c; font-weight: normal;\">Al\u00e9m do evento ter sido constru\u00eddo a partir da demanda da pr\u00f3pria comunidade, o preparo das refei\u00e7\u00f5es ficou a cargo de dois A&#8217;uw\u0113 Xavante volunt\u00e1rios, que agregaram a op\u00e7\u00e3o vegetariana ao card\u00e1pio da Feira. J\u00e1 as tradu\u00e7\u00f5es das falas foram feitas pelo A&#8217;uw\u0113 Abeldo, membro da AIRE. Assim, a Segunda Feira de Sementes e Saberes uniu a autogest\u00e3o territorial ao fortalecimento de alian\u00e7as entre povos e parceiros. Foi tamb\u00e9m um momento de prestigiar e aprender, uns com os outros, a sabedoria dos Povos Tradicionais.<\/p>\n<p style=\"text-align: left; font-size: 17px; font-family: helvetica, arial, sans-serif; color: #8c8c8c; font-weight: normal;\">Iniciativas como essa da AIRE possibilitam interc\u00e2mbios de pr\u00e1ticas e saberes, e fortalecem formas mais eficazes de manejo sustent\u00e1vel da fauna, flora e \u00e1gua dos territ\u00f3rios ind\u00edgenas. Nesse particular, a participa\u00e7\u00e3o em cursos, oficinas e viv\u00eancias de forma\u00e7\u00e3o em agrofloresta oferecidos pelo Instituto <span style=\"color: #6d6d6d; font-weight: bold;\" title=\"2. Flor de Ibez \u2013 Instituto de Vida Integral, localizado no munic\u00edpio de Barra do Gar\u00e7as-MT, promove a forma\u00e7\u00e3o em agroecologia, permacultura e outras pr\u00e1ticas sustent\u00e1veis e a troca de saberes junto aos povos ind\u00edgenas da regi\u00e3o Araguaia-Xingu, especialmente A\u2019uw\u1ebd Xavante. Trabalha em parceria com a aldeia Santa Cruz\/Rip\u00e1 (T.I. Pimentel Barbosa) desde 2016. Mais informa\u00e7\u00f5es em http:\/\/flordeibez.org\/\">Flor de Ibez<\/span><sup> 2<\/sup> t\u00eam sido fundamental. A AIRE \u00e9 uma associa\u00e7\u00e3o que envolve territ\u00f3rio, soberania alimentar e espiritualidade, e a Feira de Sementes e Saberes foi uma resposta desse envolvimento, impulsionando novos movimentos.<\/p>\n<p style=\"text-align: left; font-size: 17px; font-family: helvetica, arial, sans-serif; color: #8c8c8c; font-weight: normal;\">&#8230;&#8230;&#8230;&#8230;&#8230;&#8230;&#8230;&#8230;&#8230;&#8230;&#8230;&#8230;<\/p>\n<p style=\"text-align: left; font-size: 14px; font-family: helvetica, arial, sans-serif; color: #8c8c8c; font-weight: normal;\"><b>1. <i>War\u00e3<\/i><\/b> \u00e9 uma reuni\u00e3o da tradi\u00e7\u00e3o A&#8217;uw\u0113 que ocorre todos os dias, entre os homens, ao alvorecer e ao anoitecer, quando sonhos s\u00e3o compartilhados e decis\u00f5es em grupo s\u00e3o tomadas.<\/p>\n<p style=\"text-align: left; font-size: 14px; font-family: helvetica, arial, sans-serif; color: #8c8c8c; font-weight: normal;\"><b>2. Flor de Ibez<\/b> \u2013 Instituto de Vida Integral, localizado no munic\u00edpio de Barra do Gar\u00e7as-MT, promove a forma\u00e7\u00e3o em agroecologia, permacultura e outras pr\u00e1ticas sustent\u00e1veis e a troca de saberes junto aos povos ind\u00edgenas da regi\u00e3o Araguaia-Xingu, especialmente A\u2019uw\u1ebd Xavante. Trabalha em parceria com a aldeia Santa Cruz\/Rip\u00e1 (T.I. Pimentel Barbosa) desde 2016. Mais informa\u00e7\u00f5es, <a href=\"http:\/\/flordeibez.org\/flor\/\" target=\"_blank\" rel=\"noopener\">clique aqui<\/a><\/p>\n<\/div>\n\t\t<\/div><\/div><\/div><\/div><div id=\"pg-4071-6\"  class=\"panel-grid panel-no-style\" ><div id=\"pgc-4071-6-0\"  class=\"panel-grid-cell\" ><div id=\"panel-4071-6-0-0\" class=\"so-panel widget widget_text panel-first-child panel-last-child\" data-index=\"8\" ><div class=\"panel-widget-style panel-widget-style-for-4071-6-0-0\" >\t\t\t<div class=\"textwidget\"><p style=\"text-align: left; font-size: 21px; font-family: helvetica, arial, sans-serif; color: #6d6d6d; font-weight: bold;\">Alguns momentos do encontro. Bom desfrute!<\/p>\n<\/div>\n\t\t<\/div><\/div><\/div><\/div><div id=\"pg-4071-7\"  class=\"panel-grid panel-has-style\" ><div class=\"panel-row-style panel-row-style-for-4071-7\" ><div id=\"pgc-4071-7-0\"  class=\"panel-grid-cell\" ><div id=\"panel-4071-7-0-0\" class=\"so-panel widget widget_media_video panel-first-child panel-last-child\" data-index=\"9\" ><div style=\"width:100%;\" class=\"wp-video\"><!--[if lt IE 9]><script>document.createElement('video');<\/script><![endif]-->\n<video class=\"wp-video-shortcode\" id=\"video-4071-1\" preload=\"metadata\" controls=\"controls\"><source type=\"video\/youtube\" src=\"https:\/\/www.youtube.com\/watch?v=C6J6ZrsjQrg&#038;_=1\" \/><a href=\"https:\/\/www.youtube.com\/watch?v=C6J6ZrsjQrg\">https:\/\/www.youtube.com\/watch?v=C6J6ZrsjQrg<\/a><\/video><\/div><\/div><\/div><\/div><\/div><div id=\"pg-4071-8\"  class=\"panel-grid panel-has-style\" ><div class=\"panel-row-style panel-row-style-for-4071-8\" ><div id=\"pgc-4071-8-0\"  class=\"panel-grid-cell\" ><div id=\"panel-4071-8-0-0\" class=\"widget_text so-panel widget widget_custom_html panel-first-child\" data-index=\"10\" ><div class=\"textwidget custom-html-widget\"><!DOCTYPE html>\n<html>\n<body>\n<p style=\"text-align: left; font-size: 16px; font-family: helvetica, arial, sans-serif; color: #8c8c8c; font-weight: normal;\"><b>Canto Xavante<\/b> na Aldeia Rip\u00e1, durante a Segunda Feira de Sementes e Saberes<\/p>\n<audio controls>\n  <source src=\"http:\/\/flordeibez.org\/flor\/wp-content\/uploads\/2019\/11\/Canto_Xavante_out19.mp3\" type=\"audio\/mpeg\">\n  Your browser does not support the audio element.\n<\/audio>\n<p style=\"text-align: left; font-size: 11px; font-family: helvetica, arial, sans-serif; color: #8c8c8c; font-weight: normal;\">Nota: este \u00e1udio n\u00e3o \u00e9 suportado pelo Internet Explorer 8 e vers\u00f5es anteriores.<\/p>\n\n<\/body>\n<\/html>\n<\/div><\/div><div id=\"panel-4071-8-0-1\" class=\"widget_text so-panel widget widget_custom_html panel-last-child\" data-index=\"11\" ><div class=\"textwidget custom-html-widget\"><!DOCTYPE html>\n<html>\n<body>\n<p style=\"text-align: left; font-size: 16px; font-family: helvetica, arial, sans-serif; color: #8c8c8c; font-weight: normal;\"><b>Canto Kanela<\/b> na Aldeia Rip\u00e1, durante a Segunda Feira de Sementes e Saberes<\/p>\n<audio controls>\n  <source src=\"http:\/\/flordeibez.org\/flor\/wp-content\/uploads\/2019\/11\/Canto_Kanela_out19.mp3\" type=\"audio\/mpeg\">\n  Your browser does not support the audio element.\n<\/audio>\n<p style=\"text-align: left; font-size: 11px; font-family: helvetica, arial, sans-serif; color: #8c8c8c; font-weight: normal;\">Nota: este \u00e1udio n\u00e3o \u00e9 suportado pelo Internet Explorer 8 e vers\u00f5es anteriores.<\/p>\n\n<\/body>\n<\/html>\n<\/div><\/div><\/div><div id=\"pgc-4071-8-1\"  class=\"panel-grid-cell\" ><div id=\"panel-4071-8-1-0\" class=\"widget_text so-panel widget widget_custom_html panel-first-child\" data-index=\"12\" ><div class=\"textwidget custom-html-widget\"><!DOCTYPE html>\n<html>\n<body>\n<p style=\"text-align: left; font-size: 16px; font-family: helvetica, arial, sans-serif; color: #8c8c8c; font-weight: normal;\"><b>Canto Krah\u00f4<\/b> na Aldeia Rip\u00e1, durante a Segunda Feira de Sementes e Saberes<\/p>\n<audio controls>\n  <source src=\"http:\/\/flordeibez.org\/flor\/wp-content\/uploads\/2019\/11\/Canto_Kraho_out19.mp3\" type=\"audio\/mpeg\">\n  Your browser does not support the audio element.\n<\/audio>\n<p style=\"text-align: left; font-size: 11px; font-family: helvetica, arial, sans-serif; color: #8c8c8c; font-weight: normal;\">Nota: este \u00e1udio n\u00e3o \u00e9 suportado pelo Internet Explorer 8 e vers\u00f5es anteriores.<\/p>\n\n<\/body>\n<\/html>\n<\/div><\/div><div id=\"panel-4071-8-1-1\" class=\"widget_text so-panel widget widget_custom_html panel-last-child\" data-index=\"13\" ><div class=\"textwidget custom-html-widget\"><!DOCTYPE html>\n<html>\n<body>\n<p style=\"text-align: left; font-size: 16px; font-family: helvetica, arial, sans-serif; color: #8c8c8c; font-weight: normal;\"><b>Canto Xerente<\/b> na Aldeia Rip\u00e1, durante a Segunda Feira de Sementes e Saberes<\/p>\n<audio controls>\n  <source src=\"http:\/\/flordeibez.org\/flor\/wp-content\/uploads\/2019\/11\/Canto_Xerente_out19.mp3\" type=\"audio\/mpeg\">\n  Your browser does not support the audio element.\n<\/audio>\n<p style=\"text-align: left; font-size: 11px; font-family: helvetica, arial, sans-serif; color: #8c8c8c; font-weight: normal;\">Nota: este \u00e1udio n\u00e3o \u00e9 suportado pelo Internet Explorer 8 e vers\u00f5es anteriores.<\/p>\n\n<\/body>\n<\/html>\n<\/div><\/div><\/div><\/div><\/div><div id=\"pg-4071-9\"  class=\"panel-grid panel-has-style\" ><div class=\"siteorigin-panels-stretch panel-row-style panel-row-style-for-4071-9\" data-stretch-type=\"full-stretched\" ><div id=\"pgc-4071-9-0\"  class=\"panel-grid-cell\" ><div id=\"panel-4071-9-0-0\" class=\"so-panel widget widget_text panel-first-child panel-last-child\" data-index=\"14\" ><div class=\"panel-widget-style panel-widget-style-for-4071-9-0-0\" >\t\t\t<div class=\"textwidget\"><p style=\"text-align: center; font-size: 16px; font-family: helvetica, arial, sans-serif; color: #decd87;\">e-mail flordeibez@gmail.com<br \/>\nwhats app +55 66 9 9673-7893<br \/>\nfacebook Flor de Ibez<\/p>\n<p><\/&#038;nbsp><br \/>\n<\/&#038;nbsp><br \/>\n<\/&#038;nbsp><\/p>\n<p style=\"text-align: center; font-size: 16px; font-family: helvetica, arial, sans-serif; color: #fff;\"><b>Paz a todos os seres!<\/b><\/p>\n<\/div>\n\t\t<\/div><\/div><\/div><\/div><\/div><\/div>","protected":false},"excerpt":{"rendered":"<p>ARTIGO Sementes e saberes na aldeia Rip\u00e1 Texto e fotos por Andressa Santos Domingues Sementes e saberes na aldeia Rip\u00e1 &#8220;A planta [os alimentos] de agropecu\u00e1ria, do agroneg\u00f3cio n\u00e3o \u00e9 bom pra nossa sa\u00fade! O nosso \u00e9 ro\u00e7a tradicional. Esse \u00e9 importante. Esse neg\u00f3cio \u00e9 muito s\u00e9rio. Por isso n\u00f3s estamos muito agradecidos por voc\u00eas, [&hellip;]<\/p>\n","protected":false},"author":2,"featured_media":0,"parent":0,"menu_order":0,"comment_status":"closed","ping_status":"closed","template":"","meta":[],"_links":{"self":[{"href":"https:\/\/flordeibez.org\/flor\/wp-json\/wp\/v2\/pages\/4071"}],"collection":[{"href":"https:\/\/flordeibez.org\/flor\/wp-json\/wp\/v2\/pages"}],"about":[{"href":"https:\/\/flordeibez.org\/flor\/wp-json\/wp\/v2\/types\/page"}],"author":[{"embeddable":true,"href":"https:\/\/flordeibez.org\/flor\/wp-json\/wp\/v2\/users\/2"}],"replies":[{"embeddable":true,"href":"https:\/\/flordeibez.org\/flor\/wp-json\/wp\/v2\/comments?post=4071"}],"version-history":[{"count":70,"href":"https:\/\/flordeibez.org\/flor\/wp-json\/wp\/v2\/pages\/4071\/revisions"}],"predecessor-version":[{"id":4151,"href":"https:\/\/flordeibez.org\/flor\/wp-json\/wp\/v2\/pages\/4071\/revisions\/4151"}],"wp:attachment":[{"href":"https:\/\/flordeibez.org\/flor\/wp-json\/wp\/v2\/media?parent=4071"}],"curies":[{"name":"wp","href":"https:\/\/api.w.org\/{rel}","templated":true}]}}