{"id":3910,"date":"2019-08-09T14:49:09","date_gmt":"2019-08-09T17:49:09","guid":{"rendered":"http:\/\/flordeibez.org\/flor\/?page_id=3910"},"modified":"2019-09-12T10:50:10","modified_gmt":"2019-09-12T13:50:10","slug":"feng-shui-da-forma_set19","status":"publish","type":"page","link":"https:\/\/flordeibez.org\/flor\/feng-shui-da-forma_set19\/","title":{"rendered":"Curso de Feng Shui da Forma"},"content":{"rendered":"<div id=\"pl-3910\"  class=\"panel-layout\" ><div id=\"pg-3910-0\"  class=\"panel-grid panel-has-style\" ><div class=\"panel-row-style panel-row-style-for-3910-0\" ><div id=\"pgc-3910-0-0\"  class=\"panel-grid-cell panel-grid-cell-mobile-last\" ><div id=\"panel-3910-0-0-0\" class=\"so-panel widget widget_text panel-first-child panel-last-child\" data-index=\"0\" ><div class=\"panel-widget-style panel-widget-style-for-3910-0-0-0\" >\t\t\t<div class=\"textwidget\"><p style=\"text-alignt: left; font-family: helvetica, arial, sans-serif; color: #1a0566; font-weight: bold; font-size: 52px; line-height: 110%;\">Feng Shui,<br \/>\nCasa e Paisagem<\/p>\n<p style=\"text-alignt: right; font-family: helvetica, arial, sans-serif; color: #d45500; font-weight: bold; font-size: 44px;\">A Escola da Forma<\/p>\n<p style=\"text-alignt: right; font-family: helvetica, arial, sans-serif; color: #fff; font-weight: bold; font-size: 32px;\">21 e 22 de setembro<\/p>\n<\/div>\n\t\t<\/div><\/div><\/div><div id=\"pgc-3910-0-1\"  class=\"panel-grid-cell panel-grid-cell-empty\" ><\/div><\/div><\/div><div id=\"pg-3910-1\"  class=\"panel-grid panel-has-style\" ><div class=\"panel-row-style panel-row-style-for-3910-1\" ><div id=\"pgc-3910-1-0\"  class=\"panel-grid-cell\" ><div id=\"panel-3910-1-0-0\" class=\"so-panel widget widget_text panel-first-child panel-last-child\" data-index=\"1\" ><div class=\"panel-widget-style panel-widget-style-for-3910-1-0-0\" >\t\t\t<div class=\"textwidget\"><p style=\"text-alignt: right; font-family: helvetica, arial, sans-serif; color: #9c9c9c; font-weight: bold; font-size: 21px;\">Existe uma &#8220;alma do lugar&#8221; que faz com que cada s\u00edtio seja \u00fanico. No Feng Shui, a &#8220;Escola da Forma&#8221; aplica a Teoria dos Cinco Elementos e assim procura interpretar as formas do relevo e da vegeta\u00e7\u00e3o, pretendendo acessar o &#8220;car\u00e1ter&#8221; ou a &#8220;voca\u00e7\u00e3o&#8221; de um determinado lugar.<\/p>\n<p style=\"text-alignt: right; font-family: helvetica, arial, sans-serif; color: #9c9c9c; font-weight: normal; font-size: 21px;\">Nesse curso, o arquiteto Carlos Solano vai nos conduzir pelo bel\u00edssimo universo da Escola da Forma do Feng Shui &#8212; a mais antiga &#8212; e os conceitos de &#8220;Lugar Ideal&#8221;, por meio de viv\u00eancias que propiciam despertar o olhar para outro modo de compreender o mundo e as rela\u00e7\u00f5es entre pessoas, casas e paisagens.<\/p>\n<\/div>\n\t\t<\/div><\/div><\/div><\/div><\/div><div id=\"pg-3910-2\"  class=\"panel-grid panel-has-style\" ><div class=\"panel-row-style panel-row-style-for-3910-2\" ><div id=\"pgc-3910-2-0\"  class=\"panel-grid-cell\" ><div id=\"panel-3910-2-0-0\" class=\"so-panel widget widget_text panel-first-child panel-last-child\" data-index=\"2\" ><div class=\"panel-widget-style panel-widget-style-for-3910-2-0-0\" >\t\t\t<div class=\"textwidget\"><p style=\"text-alignt: left; font-family: helvetica, arial, sans-serif; color: #ff5500; font-weight: bold; font-size: 44px;\">Carlos Solano<\/p>\n<p style=\"text-alignt: left; font-family: helvetica, arial, sans-serif; color: #fff; font-weight: normal; font-size: 18px;\">\u00e9 arquiteto, pesquisador e escritor, internacionalmente conhecido por seu trabalho nessa \u00e1rea. \u00c9 autor dos livros <b>Feng Shui \u2013 Kan Yu, arquitetura ambiental chinesa<\/b> (Editora Pensamento), <b>Casa Natural<\/b> (Edi\u00e7\u00e3o do autor), <b>Casa Nossa De Cada Dia<\/b> (Editora Laszlo), e coautor do livro <b>Nossas \u00c1rvores \u2013 o resgate do sagrado<\/b> (Edi\u00e7\u00e3o dos autores). Idealizador da campanha <b>Vamos plantar 1.000.000 de \u00e1rvores<\/b>, foi tamb\u00e9m colunista da revista <b>Bons Fluidos<\/b> (Editora Abril), por mais de dez anos.<\/p>\n<p style=\"text-alignt: left; font-family: helvetica, arial, sans-serif; color: #fff; font-weight: normal; font-size: 18px;\">Fez in\u00fameras viagens de pesquisa e estudo de Feng Shui, passando pela Inglaterra, China, Nepal e Tibete. Tem especializa\u00e7\u00e3o em Pedagogia Waldorf pela Escola Rudolf Steiner de S\u00e3o Paulo e foi h\u00f3spede por longo per\u00edodo na Funda\u00e7\u00e3o Findhorn, Esc\u00f3cia.<\/p>\n<\/div>\n\t\t<\/div><\/div><\/div><div id=\"pgc-3910-2-1\"  class=\"panel-grid-cell panel-grid-cell-mobile-last\" ><div id=\"panel-3910-2-1-0\" class=\"so-panel widget widget_media_image panel-first-child panel-last-child\" data-index=\"3\" ><div class=\"panel-widget-style panel-widget-style-for-3910-2-1-0\" ><img width=\"621\" height=\"800\" src=\"https:\/\/flordeibez.org\/flor\/wp-content\/uploads\/2019\/08\/solano-621x800.png\" class=\"image wp-image-3932  attachment-medium size-medium\" alt=\"\" decoding=\"async\" loading=\"lazy\" style=\"max-width: 100%; height: auto;\" \/><\/div><\/div><\/div><div id=\"pgc-3910-2-2\"  class=\"panel-grid-cell panel-grid-cell-empty\" ><\/div><\/div><\/div><div id=\"pg-3910-3\"  class=\"panel-grid panel-has-style\" ><div class=\"panel-row-style panel-row-style-for-3910-3\" ><div id=\"pgc-3910-3-0\"  class=\"panel-grid-cell\" ><div id=\"panel-3910-3-0-0\" class=\"so-panel widget widget_text panel-first-child panel-last-child\" data-index=\"4\" ><div class=\"panel-widget-style panel-widget-style-for-3910-3-0-0\" >\t\t\t<div class=\"textwidget\"><p style=\"text-alignt: right; font-family: helvetica, arial, sans-serif; color: #1a0566; font-weight: bold; font-size: 29px;\">PROGRAMA &#8211; setembro 2019<\/p>\n<p style=\"text-alignt: right; font-family: helvetica, arial, sans-serif; color: #6d6d6d; font-weight: normal; font-size: 16px;\">Chegada dia 20 de setembro, sexta-feira, entre 14h e 18h. T\u00e9rmino do curso, 21, domingo, 13h.<\/p>\n<p style=\"text-alignt: right; font-family: helvetica, arial, sans-serif; color: #d45500; font-weight: bold; font-size: 19px;\">21, s\u00e1bado<\/p>\n<p style=\"text-alignt: right; font-family: helvetica, arial, sans-serif; color: #6d6d6d; font-weight: normal; font-size: 16px;\"><b>Manh\u00e3:<\/b> Introdu\u00e7\u00e3o \/ As cinco paisagens arquet\u00edpicas \/ Exerc\u00edcio em grupo: constru\u00e7\u00e3o de paisagens (com argila) \/ Exerc\u00edcio em grupo: intervir sem destruir (exerc\u00edcio pr\u00e1tico).<\/p>\n<p style=\"text-alignt: right; font-family: helvetica, arial, sans-serif; color: #6d6d6d; font-weight: normal; font-size: 16px;\"><b>Tarde:<\/b> Leitura da Paisagem \/ Reconhecimento dos elementos \/ Pintura do mapa \/ Coleta de fragmentos<\/p>\n<p style=\"text-alignt: right; font-family: helvetica, arial, sans-serif; color: #d45500; font-weight: bold; font-size: 19px;\">22, domingo<\/p>\n<p style=\"text-alignt: right; font-family: helvetica, arial, sans-serif; color: #6d6d6d; font-weight: normal; font-size: 16px;\"><b>Manh\u00e3:<\/b> Estudo da casa \/ Exerc\u00edcio em grupo para composi\u00e7\u00e3o de ambientes, reconhecimento de temperamento e rela\u00e7\u00f5es da casa \/ Apresenta\u00e7\u00e3o dos trabalhos, informa\u00e7\u00f5es complementares.<\/p>\n<\/div>\n\t\t<\/div><\/div><\/div><div id=\"pgc-3910-3-1\"  class=\"panel-grid-cell\" ><div id=\"panel-3910-3-1-0\" class=\"so-panel widget widget_text panel-first-child panel-last-child\" data-index=\"5\" ><div class=\"panel-widget-style panel-widget-style-for-3910-3-1-0\" >\t\t\t<div class=\"textwidget\"><p style=\"text-alignt: right; font-family: helvetica, arial, sans-serif; color: #1a0566; font-weight: bold; font-size: 23px;\">Local<\/p>\n<p style=\"text-alignt: right; font-family: helvetica, arial, sans-serif; color: #6d6d6d; font-weight: normal; font-size: 16px;\"><b>Flor de Ibez<\/b>, \u00e1rea rural, a 20km de Barra do Gar\u00e7as\/MT. Voc\u00ea receber\u00e1 o roteiro detalhado de como chegar, assim que efetivar sua inscri\u00e7\u00e3o.<\/p>\n<p style=\"text-alignt: right; font-family: helvetica, arial, sans-serif; color: #1a0566; font-weight: bold; font-size: 23px;\">Hospedagem<\/p>\n<p style=\"text-alignt: right; font-family: helvetica, arial, sans-serif; color: #6d6d6d; font-weight: normal; font-size: 16px;\">Camping, em barraca ou rede. Cada participante traz o equipamento para seu uso.<\/p>\n<p style=\"text-alignt: right; font-family: helvetica, arial, sans-serif; color: #1a0566; font-weight: bold; font-size: 23px;\">Alimenta\u00e7\u00e3o<\/p>\n<p style=\"text-alignt: right; font-family: helvetica, arial, sans-serif; color: #6d6d6d; font-weight: normal; font-size: 16px;\">Incluso desjejum, almo\u00e7o, lanche e jantar, culin\u00e1ria vegana.<\/p>\n<\/div>\n\t\t<\/div><\/div><\/div><\/div><\/div><div id=\"pg-3910-4\"  class=\"panel-grid panel-has-style\" ><div class=\"panel-row-style panel-row-style-for-3910-4\" ><div id=\"pgc-3910-4-0\"  class=\"panel-grid-cell\" ><div id=\"panel-3910-4-0-0\" class=\"so-panel widget widget_text panel-first-child panel-last-child\" data-index=\"6\" ><div class=\"panel-widget-style panel-widget-style-for-3910-4-0-0\" >\t\t\t<div class=\"textwidget\"><p style=\"text-alignt: right; font-family: helvetica, arial, sans-serif; color: #1a0566; font-weight: bold; font-size: 29px;\">Inscri\u00e7\u00e3o<\/p>\n<p style=\"color: #6d6d6d; font-size: 16px; font-family: helvetica, arial, sans-serif;\">Escolha abaixo sua modalidade de participa\u00e7\u00e3o e efetue sua inscri\u00e7\u00e3o por meio do <a href=\"https:\/\/forms.gle\/pYtHU4dYP6XoY5qs5\" target=\"_blank\" rel=\"noopener\">Formul\u00e1rio de Inscri\u00e7\u00e3o (clique aqui)<\/a>.<\/p>\n<\/div>\n\t\t<\/div><\/div><\/div><\/div><\/div><div id=\"pg-3910-5\"  class=\"panel-grid panel-has-style\" ><div class=\"panel-row-style panel-row-style-for-3910-5\" ><div id=\"pgc-3910-5-0\"  class=\"panel-grid-cell\" ><div id=\"panel-3910-5-0-0\" class=\"so-panel widget widget_text panel-first-child panel-last-child\" data-index=\"7\" ><div class=\"panel-widget-style panel-widget-style-for-3910-5-0-0\" >\t\t\t<div class=\"textwidget\"><p style=\"text-alignt: right; font-family: helvetica, arial, sans-serif; color: #1a0566; font-weight: bold; font-size: 21px;\">Investimento Curso Feng Shui, Casa e Paisagem<\/p>\n<p style=\"text-alignt: right; font-family: helvetica, arial, sans-serif; color: #1a0566; font-weight: bold; font-size: 18px;\">21 e 22 de setembro<\/p>\n<p style=\"text-alignt: right; font-family: helvetica, arial, sans-serif; color: #fff; font-weight: normal; font-size: 16px;\">R$360,00 ou em at\u00e9 6 X de R$ 60,00 sem juros no cart\u00e3o.<\/p>\n<p style=\"text-alignt: right; font-family: helvetica, arial, sans-serif; color: #fff; font-weight: normal; font-size: 16px;\">\u200bValor com desconto \u00e0 vista: R$ 270,00 ou em at\u00e9 2x de R$135,00 por dep\u00f3sito banc\u00e1rio, a ser pago at\u00e9 o in\u00edcio do curso.<\/p>\n<p style=\"text-align: left; font-size: 16px; font-family: helvetica, arial, sans-serif; color: #fff;\"><b>Para envios pelo PagSeguro <\/b><\/p>\n<p><!-- INICIO FORMULARIO BOTAO PAGSEGURO --><\/p>\n<form action=\"https:\/\/pagseguro.uol.com.br\/checkout\/v2\/payment.html\" method=\"post\"><!-- N\u00c3O EDITE OS COMANDOS DAS LINHAS ABAIXO --><input name=\"code\" type=\"hidden\" value=\"C930EF9538385C0004803F8D780BE8B3\" \/><br \/>\n<input name=\"iot\" type=\"hidden\" value=\"button\" \/><input alt=\"Pague com PagSeguro - \u00e9 r\u00e1pido, gr\u00e1tis e seguro!\" name=\"submit\" src=\"https:\/\/stc.pagseguro.uol.com.br\/public\/img\/botoes\/pagamentos\/120x53-comprar.gif\" type=\"image\" \/><\/form>\n<p><!-- FINAL FORMULARIO BOTAO PAGSEGURO --><\/p>\n<p style=\"text-align: left; font-size: 16px; font-family: helvetica, arial, sans-serif; color: #dd9933;\">.<\/p>\n<\/div>\n\t\t<\/div><\/div><\/div><div id=\"pgc-3910-5-1\"  class=\"panel-grid-cell\" ><div id=\"panel-3910-5-1-0\" class=\"so-panel widget widget_text panel-first-child panel-last-child\" data-index=\"8\" ><div class=\"panel-widget-style panel-widget-style-for-3910-5-1-0\" >\t\t\t<div class=\"textwidget\"><p style=\"text-alignt: right; font-family: helvetica, arial, sans-serif; color: #1a0566; font-weight: bold; font-size: 21px;\">Investimento para estudantes*<br \/>\nCurso Feng Shui, Casa e Paisagem<\/p>\n<p style=\"text-alignt: right; font-family: helvetica, arial, sans-serif; color: #1a0566; font-weight: bold; font-size: 18px;\">21 e 22 de setembro<\/p>\n<p style=\"text-alignt: right; font-family: helvetica, arial, sans-serif; color: #fff; font-weight: normal; font-size: 16px;\">R$270,00 em at\u00e9 6x de R$45,00 sem juros no cart\u00e3o.<\/p>\n<p style=\"text-alignt: right; font-family: helvetica, arial, sans-serif; color: #fff; font-weight: normal; font-size: 16px;\">R$ 210,00 \u00e0 vista ou em at\u00e9 2x de R$105,00 por dep\u00f3sito banc\u00e1rio, a ser pago at\u00e9 o in\u00edcio do curso.<\/p>\n<p style=\"text-alignt: right; font-family: helvetica, arial, sans-serif; color: #fff; font-weight: normal; font-size: 16px;\">*ensino m\u00e9dio e gradua\u00e7\u00e3o, mediante comprovante de matr\u00edcula<\/p>\n<p style=\"text-alignt: right; font-family: helvetica, arial, sans-serif; color: #fff; font-weight: normal; font-size: 16px;\">Envie um email para flordeibez@gmail.com ou whatsapp e lhe enviaremos o link do pag seguro para pagamento<\/p>\n<\/div>\n\t\t<\/div><\/div><\/div><div id=\"pgc-3910-5-2\"  class=\"panel-grid-cell\" ><div id=\"panel-3910-5-2-0\" class=\"so-panel widget widget_text panel-first-child panel-last-child\" data-index=\"9\" ><div class=\"panel-widget-style panel-widget-style-for-3910-5-2-0\" >\t\t\t<div class=\"textwidget\"><p style=\"text-alignt: right; font-family: helvetica, arial, sans-serif; color: #1a0566; font-weight: bold; font-size: 21px;\">Investimento Consultoria Feng Shui com Carlos Solano<\/p>\n<p style=\"text-alignt: right; font-family: helvetica, arial, sans-serif; color: #1a0566; font-weight: bold; font-size: 18px;\">24 de setembro<\/p>\n<p style=\"text-alignt: right; font-family: helvetica, arial, sans-serif; color: #fff; font-weight: normal; font-size: 16px;\">R$ 310,00 ou em at\u00e9 6 X de R$ 51,67 sem juros no cart\u00e3o.<\/p>\n<p style=\"text-alignt: right; font-family: helvetica, arial, sans-serif; color: #fff; font-weight: normal; font-size: 16px;\">Valor com desconto \u00e0 vista: R$290,00 ou em at\u00e9 2x de R$145,00 por dep\u00f3sito banc\u00e1rio, a ser pago at\u00e9 o in\u00edcio do curso.<\/p>\n<p style=\"text-align: left; font-size: 16px; font-family: helvetica, arial, sans-serif; color: #fff;\"><b>Para envios pelo PagSeguro <\/b><\/p>\n<p><!-- INICIO FORMULARIO BOTAO PAGSEGURO --><\/p>\n<form action=\"https:\/\/pagseguro.uol.com.br\/checkout\/v2\/payment.html\" method=\"post\">\n<!-- N\u00c3O EDITE OS COMANDOS DAS LINHAS ABAIXO --><br \/>\n<input type=\"hidden\" name=\"code\" value=\"C4E6DF9283835D1554262F86468B6BDF\" \/><br \/>\n<input type=\"hidden\" name=\"iot\" value=\"button\" \/><br \/>\n<input type=\"image\" src=\"https:\/\/stc.pagseguro.uol.com.br\/public\/img\/botoes\/pagamentos\/120x53-comprar.gif\" name=\"submit\" alt=\"Pague com PagSeguro - \u00e9 r\u00e1pido, gr\u00e1tis e seguro!\" \/><br \/>\n<\/form>\n<p><!-- FINAL FORMULARIO BOTAO PAGSEGURO --><\/p>\n<p style=\"text-align: left; font-size: 16px; font-family: helvetica, arial, sans-serif; color: #d27af4;\">.<\/p>\n<\/div>\n\t\t<\/div><\/div><\/div><div id=\"pgc-3910-5-3\"  class=\"panel-grid-cell\" ><div id=\"panel-3910-5-3-0\" class=\"so-panel widget widget_text panel-first-child panel-last-child\" data-index=\"10\" ><div class=\"panel-widget-style panel-widget-style-for-3910-5-3-0\" >\t\t\t<div class=\"textwidget\"><p style=\"text-alignt: right; font-family: helvetica, arial, sans-serif; color: #1a0566; font-weight: bold; font-size: 21px;\">Investimento Combo!<\/p>\n<p style=\"text-alignt: right; font-family: helvetica, arial, sans-serif; color: #1a0566; font-weight: bold; font-size: 19px;\">Curso Feng Shui, Casa e Paisagem + Consultoria<\/p>\n<p style=\"text-alignt: right; font-family: helvetica, arial, sans-serif; color: #1a0566; font-weight: bold; font-size: 18px;\">21 e 22 \/ 24 de setembro<\/p>\n<p style=\"text-alignt: right; font-family: helvetica, arial, sans-serif; color: #fff; font-weight: normal; font-size: 16px;\">R$620,00 ou em at\u00e9 6 X de R$103,33 sem juros no cart\u00e3o.<\/p>\n<p style=\"text-alignt: right; font-family: helvetica, arial, sans-serif; color: #fff; font-weight: normal; font-size: 16px;\">\u200bValor com desconto \u00e0 vista: R$548,00 ou em at\u00e9 2x de R$274,00 por dep\u00f3sito banc\u00e1rio, a ser pago at\u00e9 o in\u00edcio do curso.<\/p>\n<p style=\"text-align: left; font-size: 16px; font-family: helvetica, arial, sans-serif; color: #fff;\"><b>Para envios pelo PagSeguro <\/b><\/p>\n<p><!-- INICIO FORMULARIO BOTAO PAGSEGURO --><\/p>\n<form action=\"https:\/\/pagseguro.uol.com.br\/checkout\/v2\/payment.html\" method=\"post\"><!-- N\u00c3O EDITE OS COMANDOS DAS LINHAS ABAIXO --><br \/>\n<input name=\"code\" type=\"hidden\" value=\"C5FD69B9BEBECEDBB46E0F8731B6BDBD\" \/><br \/>\n<input name=\"iot\" type=\"hidden\" value=\"button\" \/><br \/>\n<input alt=\"Pague com PagSeguro - \u00e9 r\u00e1pido, gr\u00e1tis e seguro!\" name=\"submit\" src=\"https:\/\/stc.pagseguro.uol.com.br\/public\/img\/botoes\/pagamentos\/120x53-comprar.gif\" type=\"image\" \/><\/form>\n<p><!-- FINAL FORMULARIO BOTAO PAGSEGURO --><\/p>\n<\/div>\n\t\t<\/div><\/div><\/div><\/div><\/div><div id=\"pg-3910-6\"  class=\"panel-grid panel-has-style\" ><div class=\"panel-row-style panel-row-style-for-3910-6\" ><div id=\"pgc-3910-6-0\"  class=\"panel-grid-cell\" ><div id=\"panel-3910-6-0-0\" class=\"so-panel widget widget_text panel-first-child panel-last-child\" data-index=\"11\" ><div class=\"panel-widget-style panel-widget-style-for-3910-6-0-0\" >\t\t\t<div class=\"textwidget\"><p style=\"color: #1a0566; font-size: 21px; font-family: helvetica, arial, sans-serif; font-weight: bold;\">Dados para transfer\u00eancia ou dep\u00f3sito banc\u00e1rio<\/p>\n<p style=\"color: #6d6d6d; font-size: 16px; font-family: helvetica, arial, sans-serif; margin-left: 9%;\"><b>Flor de Ibez &#8212; Instituto de Vida Integral<\/b><br \/>\nBanco 237 &#8211; Bradesco<br \/>\nAg\u00eancia 3292-1 \u00a0 CC 6751-2<br \/>\nCNPJ 27.233.268\/0001-20<\/p>\n<\/div>\n\t\t<\/div><\/div><\/div><\/div><\/div><div id=\"pg-3910-7\"  class=\"panel-grid panel-has-style\" ><div class=\"panel-row-style panel-row-style-for-3910-7\" ><div id=\"pgc-3910-7-0\"  class=\"panel-grid-cell\" ><div id=\"panel-3910-7-0-0\" class=\"so-panel widget widget_text panel-first-child panel-last-child\" data-index=\"12\" ><div class=\"panel-widget-style panel-widget-style-for-3910-7-0-0\" >\t\t\t<div class=\"textwidget\"><p style=\"text-align: center; font-family: helvetica, arial, sans-serif; color: #fff; font-weight: bold; font-size: 22px;\">Conhe\u00e7a mais do belo trabalho do Carlos Solano<\/p>\n<\/div>\n\t\t<\/div><\/div><\/div><\/div><\/div><div id=\"pg-3910-8\"  class=\"panel-grid panel-has-style\" ><div class=\"panel-row-style panel-row-style-for-3910-8\" ><div id=\"pgc-3910-8-0\"  class=\"panel-grid-cell\" ><div id=\"panel-3910-8-0-0\" class=\"so-panel widget widget_vifbfanbox_widget_class widget_FacebookLikeBox panel-first-child panel-last-child\" data-index=\"13\" ><div class=\"panel-widget-style panel-widget-style-for-3910-8-0-0\" ><div id=\"fb-root\"><\/div>\n\t\t<script>(function(d, s, id) {\n\t\tvar js, fjs = d.getElementsByTagName(s)[0];\n\t\tif (d.getElementById(id)) return;\n\t\tjs = d.createElement(s); js.id = id;\n\t\tjs.src = \"\/\/connect.facebook.net\/pt_BR\/all.js#xfbml=1&appId=Arquiteto Carlos Solano\";fjs.parentNode.insertBefore(js, fjs);}(document, 'script', 'facebook-jssdk'));<\/script><fb:like-box href=\"https:\/\/www.facebook.com\/arquitetocarlossolano\/\" style=\"border:2px solid #ffffff\"  width=\"420\" show_faces=\"true\" border_color=\"yes\" stream=\"true\" header=\"true\" data-colorscheme=\"light\" data-show-border=\"yes\"><\/fb:like-box><\/div><\/div><\/div><div id=\"pgc-3910-8-1\"  class=\"panel-grid-cell\" ><div id=\"panel-3910-8-1-0\" class=\"so-panel widget widget_media_video panel-first-child\" data-index=\"14\" ><div class=\"panel-widget-style panel-widget-style-for-3910-8-1-0\" ><div style=\"width:100%;\" class=\"wp-video\"><!--[if lt IE 9]><script>document.createElement('video');<\/script><![endif]-->\n<video class=\"wp-video-shortcode\" id=\"video-3910-1\" preload=\"metadata\" controls=\"controls\"><source type=\"video\/youtube\" src=\"https:\/\/www.youtube.com\/watch?v=daQ7weaMmus&#038;_=1\" \/><a href=\"https:\/\/www.youtube.com\/watch?v=daQ7weaMmus\">https:\/\/www.youtube.com\/watch?v=daQ7weaMmus<\/a><\/video><\/div><\/div><\/div><div id=\"panel-3910-8-1-1\" class=\"so-panel widget widget_media_video\" data-index=\"15\" ><div class=\"panel-widget-style panel-widget-style-for-3910-8-1-1\" ><div style=\"width:100%;\" class=\"wp-video\"><video class=\"wp-video-shortcode\" id=\"video-3910-2\" preload=\"metadata\" controls=\"controls\"><source type=\"video\/youtube\" src=\"https:\/\/www.youtube.com\/watch?v=ToXkJ9QICds&#038;_=2\" \/><a href=\"https:\/\/www.youtube.com\/watch?v=ToXkJ9QICds\">https:\/\/www.youtube.com\/watch?v=ToXkJ9QICds<\/a><\/video><\/div><\/div><\/div><div id=\"panel-3910-8-1-2\" class=\"so-panel widget widget_media_video panel-last-child\" data-index=\"16\" ><div class=\"panel-widget-style panel-widget-style-for-3910-8-1-2\" ><div style=\"width:100%;\" class=\"wp-video\"><video class=\"wp-video-shortcode\" id=\"video-3910-3\" preload=\"metadata\" controls=\"controls\"><source type=\"video\/youtube\" src=\"https:\/\/www.youtube.com\/watch?time_continue=71&#038;v=L7NL6CWo6ow&#038;_=3\" \/><a href=\"https:\/\/www.youtube.com\/watch?time_continue=71&#038;v=L7NL6CWo6ow\">https:\/\/www.youtube.com\/watch?time_continue=71&#038;v=L7NL6CWo6ow<\/a><\/video><\/div><\/div><\/div><\/div><\/div><\/div><\/div>","protected":false},"excerpt":{"rendered":"<p>Feng Shui, Casa e Paisagem A Escola da Forma 21 e 22 de setembro Existe uma &#8220;alma do lugar&#8221; que faz com que cada s\u00edtio seja \u00fanico. No Feng Shui, a &#8220;Escola da Forma&#8221; aplica a Teoria dos Cinco Elementos e assim procura interpretar as formas do relevo e da vegeta\u00e7\u00e3o, pretendendo acessar o &#8220;car\u00e1ter&#8221; [&hellip;]<\/p>\n","protected":false},"author":2,"featured_media":0,"parent":0,"menu_order":0,"comment_status":"closed","ping_status":"closed","template":"","meta":[],"_links":{"self":[{"href":"https:\/\/flordeibez.org\/flor\/wp-json\/wp\/v2\/pages\/3910"}],"collection":[{"href":"https:\/\/flordeibez.org\/flor\/wp-json\/wp\/v2\/pages"}],"about":[{"href":"https:\/\/flordeibez.org\/flor\/wp-json\/wp\/v2\/types\/page"}],"author":[{"embeddable":true,"href":"https:\/\/flordeibez.org\/flor\/wp-json\/wp\/v2\/users\/2"}],"replies":[{"embeddable":true,"href":"https:\/\/flordeibez.org\/flor\/wp-json\/wp\/v2\/comments?post=3910"}],"version-history":[{"count":57,"href":"https:\/\/flordeibez.org\/flor\/wp-json\/wp\/v2\/pages\/3910\/revisions"}],"predecessor-version":[{"id":4018,"href":"https:\/\/flordeibez.org\/flor\/wp-json\/wp\/v2\/pages\/3910\/revisions\/4018"}],"wp:attachment":[{"href":"https:\/\/flordeibez.org\/flor\/wp-json\/wp\/v2\/media?parent=3910"}],"curies":[{"name":"wp","href":"https:\/\/api.w.org\/{rel}","templated":true}]}}