{"id":3188,"date":"2019-06-16T16:57:58","date_gmt":"2019-06-16T19:57:58","guid":{"rendered":"http:\/\/flordeibez.org\/flor\/?page_id=3188"},"modified":"2019-06-16T17:23:48","modified_gmt":"2019-06-16T20:23:48","slug":"semana-mundial-yoga","status":"publish","type":"page","link":"https:\/\/flordeibez.org\/flor\/semana-mundial-yoga\/","title":{"rendered":"Semana Mundial do Yoga"},"content":{"rendered":"<div id=\"pl-3188\"  class=\"panel-layout\" ><div id=\"pg-3188-0\"  class=\"panel-grid panel-has-style\" ><div class=\"siteorigin-panels-stretch panel-row-style panel-row-style-for-3188-0\" data-stretch-type=\"full-stretched\" ><div id=\"pgc-3188-0-0\"  class=\"panel-grid-cell\" ><div id=\"panel-3188-0-0-0\" class=\"so-panel widget widget_sow-editor panel-first-child panel-last-child\" data-index=\"0\" ><div class=\"panel-widget-style panel-widget-style-for-3188-0-0-0\" ><div\n\t\t\t\n\t\t\tclass=\"so-widget-sow-editor so-widget-sow-editor-base\"\n\t\t\t\n\t\t>\n<div class=\"siteorigin-widget-tinymce textwidget\">\n\t<p style=\"text-align: left; font-size: 56px; font-family: helvetica, arial, sans-serif; color: #fff;\"><b>Semana Mundial do Yoga<\/b><\/p>\n<p style=\"text-align: left; font-size: 23px; font-family: helvetica, arial, sans-serif; color: #fff;\">em Barra do Gar\u00e7as<\/p>\n<\/div>\n<\/div><\/div><\/div><\/div><div id=\"pgc-3188-0-1\"  class=\"panel-grid-cell panel-grid-cell-mobile-last\" ><div id=\"panel-3188-0-1-0\" class=\"so-panel widget widget_media_image panel-first-child panel-last-child\" data-index=\"1\" ><img width=\"640\" height=\"800\" src=\"https:\/\/flordeibez.org\/flor\/wp-content\/uploads\/2018\/11\/semana-mundial-yoga_w1.jpeg\" class=\"image wp-image-3184  attachment-full size-full\" alt=\"\" decoding=\"async\" loading=\"lazy\" style=\"max-width: 100%; height: auto;\" \/><\/div><\/div><div id=\"pgc-3188-0-2\"  class=\"panel-grid-cell panel-grid-cell-empty\" ><\/div><\/div><\/div><div id=\"pg-3188-1\"  class=\"panel-grid panel-has-style\" ><div class=\"siteorigin-panels-stretch panel-row-style panel-row-style-for-3188-1\" data-stretch-type=\"full\" ><div id=\"pgc-3188-1-0\"  class=\"panel-grid-cell panel-grid-cell-empty\" ><\/div><div id=\"pgc-3188-1-1\"  class=\"panel-grid-cell panel-grid-cell-mobile-last\" ><div id=\"panel-3188-1-1-0\" class=\"so-panel widget widget_text panel-first-child\" data-index=\"2\" ><div class=\"panel-widget-style panel-widget-style-for-3188-1-1-0\" >\t\t\t<div class=\"textwidget\"><p style=\"text-align: center; font-size: 21px; line-height: 200%; font-family: helvetica, arial, sans-serif; color: #8c8c8c; font-weight: normal;\">Declarado pela <b>ONU<\/b> como o <b>Dia Internacional do Yoga<\/b>, 21 de junho foi consagrado um dia mundial pela humanidade, pela paz e pelo planeta. E pela primeira vez em Barra do Gar\u00e7as teremos um evento gratuito e aberto a todos para comemorar essa data t\u00e3o simb\u00f3lica e importante.<\/p>\n<\/div>\n\t\t<\/div><\/div><div id=\"panel-3188-1-1-1\" class=\"so-panel widget widget_text panel-last-child\" data-index=\"3\" ><div class=\"panel-widget-style panel-widget-style-for-3188-1-1-1\" >\t\t\t<div class=\"textwidget\"><p style=\"text-align: center; font-size: 26px; font-family: helvetica, arial, sans-serif; color: #6d6d6d; font-weight: normal;\"><b>Flor de Ibez<\/b> e <b>Yoga Livre<\/b> prepararam um programa especial com atividades de yoga (\u00e1sanas), medita\u00e7\u00e3o, canto de mantras, dan\u00e7a e palestras. Todas as atividades s\u00e3o abertas \u00e0 participa\u00e7\u00e3o e gratuitas.<\/p>\n<\/div>\n\t\t<\/div><\/div><\/div><div id=\"pgc-3188-1-2\"  class=\"panel-grid-cell panel-grid-cell-empty\" ><\/div><\/div><\/div><div id=\"pg-3188-2\"  class=\"panel-grid panel-no-style\" ><div id=\"pgc-3188-2-0\"  class=\"panel-grid-cell\" ><div id=\"panel-3188-2-0-0\" class=\"so-panel widget widget_media_image panel-first-child panel-last-child\" data-index=\"4\" ><img width=\"640\" height=\"800\" src=\"https:\/\/flordeibez.org\/flor\/wp-content\/uploads\/2019\/06\/semana-mundial-yoga_w2.jpeg\" class=\"image wp-image-3192  attachment-full size-full\" alt=\"\" decoding=\"async\" loading=\"lazy\" style=\"max-width: 100%; height: auto;\" \/><\/div><\/div><div id=\"pgc-3188-2-1\"  class=\"panel-grid-cell panel-grid-cell-empty\" ><\/div><div id=\"pgc-3188-2-2\"  class=\"panel-grid-cell panel-grid-cell-mobile-last\" ><div id=\"panel-3188-2-2-0\" class=\"so-panel widget widget_text panel-first-child panel-last-child\" data-index=\"5\" ><div class=\"panel-widget-style panel-widget-style-for-3188-2-2-0\" >\t\t\t<div class=\"textwidget\"><p style=\"text-align: left; font-size: 25px; font-family: helvetica, arial, sans-serif; color: #8c8c8c; line-height: 230%;\"><i>&#8220;No Yoga tr\u00eas coisas muito importantes sempre devem estar unidas em tudo: o amor, o conhecimento e a a\u00e7\u00e3o.&#8221;<\/i><\/p>\n<p style=\"text-align: right; font-size: 19px; font-family: helvetica, arial, sans-serif; color: #8c8c8c;\"><i> B.K.S. Iyengar<\/i><\/p>\n<\/div>\n\t\t<\/div><\/div><\/div><div id=\"pgc-3188-2-3\"  class=\"panel-grid-cell panel-grid-cell-empty\" ><\/div><\/div><div id=\"pg-3188-3\"  class=\"panel-grid panel-has-style\" ><div class=\"siteorigin-panels-stretch panel-row-style panel-row-style-for-3188-3\" data-stretch-type=\"full\" ><div id=\"pgc-3188-3-0\"  class=\"panel-grid-cell panel-grid-cell-empty\" ><\/div><div id=\"pgc-3188-3-1\"  class=\"panel-grid-cell panel-grid-cell-mobile-last\" ><div id=\"panel-3188-3-1-0\" class=\"so-panel widget widget_text panel-first-child panel-last-child\" data-index=\"6\" ><div class=\"panel-widget-style panel-widget-style-for-3188-3-1-0\" >\t\t\t<div class=\"textwidget\"><p style=\"text-align: center; font-size: 18px; font-family: helvetica, arial, sans-serif; color: #6d6d6d; font-weight: bold;\">E vale lembrar que n\u00e3o h\u00e1 restri\u00e7\u00e3o de idade para participar. A pr\u00e1tica do Yoga \u00e9 milenar e universal, independente de credos ou religi\u00f5es. Voc\u00ea ser\u00e1 muito bem-vind@!<\/p>\n<\/div>\n\t\t<\/div><\/div><\/div><div id=\"pgc-3188-3-2\"  class=\"panel-grid-cell panel-grid-cell-empty\" ><\/div><\/div><\/div><div id=\"pg-3188-4\"  class=\"panel-grid panel-has-style\" ><div class=\"siteorigin-panels-stretch panel-row-style panel-row-style-for-3188-4\" data-stretch-type=\"full\" ><div id=\"pgc-3188-4-0\"  class=\"panel-grid-cell panel-grid-cell-empty\" ><\/div><div id=\"pgc-3188-4-1\"  class=\"panel-grid-cell panel-grid-cell-mobile-last\" ><div id=\"panel-3188-4-1-0\" class=\"so-panel widget widget_text panel-first-child panel-last-child\" data-index=\"7\" ><div class=\"panel-widget-style panel-widget-style-for-3188-4-1-0\" >\t\t\t<div class=\"textwidget\"><p style=\"text-align: left; font-size: 24px; font-family: helvetica, arial, sans-serif; color: #6d6d6d; font-weight: bold;\">5af, 20 de junho<\/p>\n<p style=\"text-align: left; font-size: 17px; font-family: helvetica, arial, sans-serif; color: #6d6d6d; font-weight: normal;\">8h &#8211; Yoga para idosos, pr\u00e1tica com Nara Carneiro, no Espa\u00e7o Nara Carneiro<br \/>\n9h &#8211; Yoga para gestantes, pr\u00e1tica com Aliana Camargo , no Espa\u00e7o Nara Carneiro<br \/>\n10h &#8211; Ch\u00e1 com bolo<br \/>\n10h30 &#8211; Yoga e alimenta\u00e7\u00e3o, bate papo com Nurit Bar Nissim, no Espa\u00e7o Nara Carneiro<br \/>\n17h30 &#8211; Yoga para todos, pr\u00e1tica com Elisa Nissim, no espa\u00e7o Nara Carneiro<br \/>\n18h30 &#8211; Yug, Yoga, Yoghismo, partilha com Fernando Medeiros, no espa\u00e7o Nara Carneiro<br \/>\n19h30 &#8211; Ch\u00e1 com bolo<br \/>\n20h &#8211; Kirtan, canto festivo de mantras com instrumentos musicais, no espa\u00e7o Nara Carneiro<\/p>\n<p style=\"text-align: left; font-size: 24px; font-family: helvetica, arial, sans-serif; color: #6d6d6d; font-weight: bold;\">6af, 21 de junho<\/p>\n<p style=\"text-align: left; font-size: 17px; font-family: helvetica, arial, sans-serif; color: #6d6d6d; font-weight: normal;\">7h30 &#8211; Medita\u00e7\u00e3o, pr\u00e1tica com Aliana Camargo, na pra\u00e7a S. Ant\u00f4nio<br \/>\n8h &#8211; Vinyasa Yoga, fluindo com a vida, pr\u00e1tica com Elisa Nissim, na pra\u00e7a S. Ant\u00f4nio<br \/>\n17h30 &#8211; Yoga para crian\u00e7as, pr\u00e1tica com Marcella Milhomem e T\u00e2nia Tondo, na pra\u00e7a S. Ant\u00f4nio<br \/>\n19h &#8211; Yoga na Vida, partilha com Sim\u00f3n Paz, no espa\u00e7o Nara Carneiro<\/p>\n<p style=\"text-align: left; font-size: 24px; font-family: helvetica, arial, sans-serif; color: #6d6d6d; font-weight: bold;\">S\u00e1bado, 22 de junho<\/p>\n<p style=\"text-align: left; font-size: 17px; font-family: helvetica, arial, sans-serif; color: #6d6d6d; font-weight: normal;\">9h &#8211; Surya Namaskar e Dan\u00e7as circulares com mantras, pr\u00e1tica com Nara Carneiro, no espa\u00e7o Nara Carneiro<br \/>\n10h30 &#8211; Yamas e Nyamas, partilha com Yuri Morais, no Espa\u00e7o Nara Carneiro<\/p>\n<\/div>\n\t\t<\/div><\/div><\/div><div id=\"pgc-3188-4-2\"  class=\"panel-grid-cell panel-grid-cell-empty\" ><\/div><\/div><\/div><div id=\"pg-3188-5\"  class=\"panel-grid panel-has-style\" ><div class=\"siteorigin-panels-stretch panel-row-style panel-row-style-for-3188-5\" data-stretch-type=\"full\" ><div id=\"pgc-3188-5-0\"  class=\"panel-grid-cell\" ><div id=\"panel-3188-5-0-0\" class=\"so-panel widget widget_text panel-first-child panel-last-child\" data-index=\"8\" ><div class=\"panel-widget-style panel-widget-style-for-3188-5-0-0\" >\t\t\t<div class=\"textwidget\"><p style=\"text-align: left; font-size: 23px; font-family: helvetica, arial, sans-serif; color: #fff;\"><b>Para as pr\u00e1ticas n\u00e3o se esque\u00e7a de<\/b><\/p>\n<p style=\"text-align: left; font-size: 19px; font-family: helvetica, arial, sans-serif; color: #fff;\">&gt; trazer tapetinho ou algo equivalente para forrar o piso.<br \/>\n&gt; vestir roupas confort\u00e1veis, pr\u00f3prias para gin\u00e1stica. Quanto mais simples forem, melhor.<br \/>\n&gt; que o est\u00f4mago n\u00e3o esteja cheio, e nem com fome. O ideal \u00e9 estar neutro nesse sentido.<br \/>\n&gt; trazer uma toalhinha para se enxugar e estar mais confort\u00e1vel, caso transpire muito. Como o suor na pr\u00e1tica de yoga \u00e9 parte da nossa purifica\u00e7\u00e3o, sinta-se \u00e0 vontade!<br \/>\nE n\u00e3o se preocupe com o que cal\u00e7ar, pois praticamos descal\u00e7os.<\/p>\n<\/div>\n\t\t<\/div><\/div><\/div><div id=\"pgc-3188-5-1\"  class=\"panel-grid-cell\" ><div id=\"panel-3188-5-1-0\" class=\"so-panel widget widget_media_image panel-first-child panel-last-child\" data-index=\"9\" ><div class=\"panel-widget-style panel-widget-style-for-3188-5-1-0\" ><img width=\"400\" height=\"225\" src=\"https:\/\/flordeibez.org\/flor\/wp-content\/uploads\/2018\/11\/yoga.jpg\" class=\"image wp-image-2905  attachment-full size-full\" alt=\"\" decoding=\"async\" loading=\"lazy\" style=\"max-width: 100%; height: auto;\" \/><\/div><\/div><\/div><\/div><\/div><div id=\"pg-3188-6\"  class=\"panel-grid panel-has-style\" ><div class=\"siteorigin-panels-stretch panel-row-style panel-row-style-for-3188-6\" data-stretch-type=\"full-stretched\" ><div id=\"pgc-3188-6-0\"  class=\"panel-grid-cell\" ><div id=\"panel-3188-6-0-0\" class=\"so-panel widget widget_sow-image-grid panel-first-child panel-last-child\" data-index=\"10\" ><div class=\"panel-widget-style panel-widget-style-for-3188-6-0-0\" ><div\n\t\t\t\n\t\t\tclass=\"so-widget-sow-image-grid so-widget-sow-image-grid-default-3fbf13dff59f-3188\"\n\t\t\t\n\t\t>\t<div class=\"sow-image-grid-wrapper\"\n\t\t\t\t>\n\t\t\t\t\t<div class=\"sow-image-grid-image\">\n\t\t\t\t\t\t\t\t\t\t\t\t<img width=\"150\" height=\"150\" src=\"https:\/\/flordeibez.org\/flor\/wp-content\/uploads\/2019\/06\/yoga-aula-aberta_03-150x150.jpeg\" class=\"sow-image-grid-image_html\" alt=\"\" decoding=\"async\" loading=\"lazy\" title=\"\" \/>\t\t\t\t\t\t\t\t\t\t\t<\/div>\n\t\t\t\t\t<div class=\"sow-image-grid-image\">\n\t\t\t\t\t\t\t\t\t\t\t\t<img width=\"150\" height=\"150\" src=\"https:\/\/flordeibez.org\/flor\/wp-content\/uploads\/2019\/06\/yoga-aula-aberta_04-150x150.jpeg\" class=\"sow-image-grid-image_html\" alt=\"\" decoding=\"async\" loading=\"lazy\" title=\"\" \/>\t\t\t\t\t\t\t\t\t\t\t<\/div>\n\t\t\t\t\t<div class=\"sow-image-grid-image\">\n\t\t\t\t\t\t\t\t\t\t\t\t<img width=\"150\" height=\"150\" src=\"https:\/\/flordeibez.org\/flor\/wp-content\/uploads\/2019\/06\/yoga-aula-aberta_02-150x150.jpeg\" class=\"sow-image-grid-image_html\" alt=\"\" decoding=\"async\" loading=\"lazy\" title=\"\" \/>\t\t\t\t\t\t\t\t\t\t\t<\/div>\n\t\t\t\t\t<div class=\"sow-image-grid-image\">\n\t\t\t\t\t\t\t\t\t\t\t\t<img width=\"150\" height=\"150\" src=\"https:\/\/flordeibez.org\/flor\/wp-content\/uploads\/2019\/06\/yoga-aula-aberta_01-150x150.jpeg\" class=\"sow-image-grid-image_html\" alt=\"\" decoding=\"async\" loading=\"lazy\" title=\"\" \/>\t\t\t\t\t\t\t\t\t\t\t<\/div>\n\t\t\t\t\t<div class=\"sow-image-grid-image\">\n\t\t\t\t\t\t\t\t\t\t\t\t<img width=\"150\" height=\"150\" src=\"https:\/\/flordeibez.org\/flor\/wp-content\/uploads\/2018\/11\/semana-mundial-yoga_w1-150x150.jpeg\" class=\"sow-image-grid-image_html\" alt=\"\" decoding=\"async\" loading=\"lazy\" title=\"\" \/>\t\t\t\t\t\t\t\t\t\t\t<\/div>\n\t\t\t\t\t<div class=\"sow-image-grid-image\">\n\t\t\t\t\t\t\t\t\t\t\t\t<img width=\"150\" height=\"150\" src=\"https:\/\/flordeibez.org\/flor\/wp-content\/uploads\/2019\/06\/yoga-aula-aberta_05-150x150.jpeg\" class=\"sow-image-grid-image_html\" alt=\"\" decoding=\"async\" loading=\"lazy\" title=\"\" \/>\t\t\t\t\t\t\t\t\t\t\t<\/div>\n\t\t\t<\/div>\n<\/div><\/div><\/div><\/div><div id=\"pgc-3188-6-1\"  class=\"panel-grid-cell\" ><div id=\"panel-3188-6-1-0\" class=\"so-panel widget widget_text panel-first-child panel-last-child\" data-index=\"11\" ><div class=\"panel-widget-style panel-widget-style-for-3188-6-1-0\" >\t\t\t<div class=\"textwidget\"><p style=\"text-align: left; font-size: 18px; font-family: helvetica, arial, sans-serif; color: #8c8c8c; line-height: 230%;\"><i>&#8220;O seu corpo vive no passado e sua mente no futuro. No yoga eles se unem no presente.&#8221;<\/i><\/p>\n<p style=\"text-align: left; font-size: 18px; font-family: helvetica, arial, sans-serif; color: #8c8c8c; line-height: 230%;\"><i>&#8220;O Yoga \u00e9 uma luz que, uma vez acesa, nunca se atenuar\u00e1. Quanto melhor \u00e9 a pr\u00e1tica, mais brilhante \u00e9 a chama.&#8221;<\/i><\/p>\n<p style=\"text-align: left; font-size: 18px; font-family: helvetica, arial, sans-serif; color: #8c8c8c; line-height: 230%;\"><i>&#8220;O Yoga nos leva desde a superf\u00edcie da pele at\u00e9 o fundo da alma.&#8221;<\/i><\/p>\n<p style=\"text-align: right; font-size: 13px; font-family: helvetica, arial, sans-serif; color: #8c8c8c;\"><i> B.K.S. Iyengar<\/i><\/p>\n<\/div>\n\t\t<\/div><\/div><\/div><\/div><\/div><div id=\"pg-3188-7\"  class=\"panel-grid panel-has-style\" ><div class=\"siteorigin-panels-stretch panel-row-style panel-row-style-for-3188-7\" data-stretch-type=\"full\" ><div id=\"pgc-3188-7-0\"  class=\"panel-grid-cell\" ><div id=\"panel-3188-7-0-0\" class=\"so-panel widget widget_media_image panel-first-child panel-last-child\" data-index=\"12\" ><div class=\"panel-widget-style panel-widget-style-for-3188-7-0-0\" ><img width=\"1021\" height=\"238\" src=\"https:\/\/flordeibez.org\/flor\/wp-content\/uploads\/2019\/06\/tarja_org.jpg\" class=\"image wp-image-3217  attachment-full size-full\" alt=\"\" decoding=\"async\" loading=\"lazy\" style=\"max-width: 100%; height: auto;\" srcset=\"https:\/\/flordeibez.org\/flor\/wp-content\/uploads\/2019\/06\/tarja_org.jpg 1021w, https:\/\/flordeibez.org\/flor\/wp-content\/uploads\/2019\/06\/tarja_org-800x186.jpg 800w, https:\/\/flordeibez.org\/flor\/wp-content\/uploads\/2019\/06\/tarja_org-768x179.jpg 768w\" sizes=\"(max-width: 1021px) 100vw, 1021px\" \/><\/div><\/div><\/div><\/div><\/div><div id=\"pg-3188-8\"  class=\"panel-grid panel-has-style\" ><div class=\"siteorigin-panels-stretch panel-row-style panel-row-style-for-3188-8\" data-stretch-type=\"full-stretched\" ><div id=\"pgc-3188-8-0\"  class=\"panel-grid-cell\" ><div id=\"panel-3188-8-0-0\" class=\"so-panel widget widget_text panel-first-child panel-last-child\" data-index=\"13\" ><div class=\"panel-widget-style panel-widget-style-for-3188-8-0-0\" >\t\t\t<div class=\"textwidget\"><p style=\"text-align: center; font-size: 16px; font-family: helvetica, arial, sans-serif; color: #decd87;\">e-mail flordeibez@gmail.com<br \/>\nwhats app +55 66 9 9673-7893<br \/>\nfacebook Flor de Ibez<\/p>\n<p><\/&#038;nbsp><br \/>\n<\/&#038;nbsp><br \/>\n<\/&#038;nbsp><\/p>\n<p style=\"text-align: center; font-size: 16px; font-family: helvetica, arial, sans-serif; color: #fff;\"><b>Paz a todos os seres!<\/b><\/p>\n<\/div>\n\t\t<\/div><\/div><\/div><\/div><\/div><\/div>","protected":false},"excerpt":{"rendered":"<p>Semana Mundial do Yoga em Barra do Gar\u00e7as Declarado pela ONU como o Dia Internacional do Yoga, 21 de junho foi consagrado um dia mundial pela humanidade, pela paz e pelo planeta. E pela primeira vez em Barra do Gar\u00e7as teremos um evento gratuito e aberto a todos para comemorar essa data t\u00e3o simb\u00f3lica e [&hellip;]<\/p>\n","protected":false},"author":2,"featured_media":0,"parent":0,"menu_order":0,"comment_status":"closed","ping_status":"closed","template":"","meta":[],"_links":{"self":[{"href":"https:\/\/flordeibez.org\/flor\/wp-json\/wp\/v2\/pages\/3188"}],"collection":[{"href":"https:\/\/flordeibez.org\/flor\/wp-json\/wp\/v2\/pages"}],"about":[{"href":"https:\/\/flordeibez.org\/flor\/wp-json\/wp\/v2\/types\/page"}],"author":[{"embeddable":true,"href":"https:\/\/flordeibez.org\/flor\/wp-json\/wp\/v2\/users\/2"}],"replies":[{"embeddable":true,"href":"https:\/\/flordeibez.org\/flor\/wp-json\/wp\/v2\/comments?post=3188"}],"version-history":[{"count":21,"href":"https:\/\/flordeibez.org\/flor\/wp-json\/wp\/v2\/pages\/3188\/revisions"}],"predecessor-version":[{"id":3219,"href":"https:\/\/flordeibez.org\/flor\/wp-json\/wp\/v2\/pages\/3188\/revisions\/3219"}],"wp:attachment":[{"href":"https:\/\/flordeibez.org\/flor\/wp-json\/wp\/v2\/media?parent=3188"}],"curies":[{"name":"wp","href":"https:\/\/api.w.org\/{rel}","templated":true}]}}