{"id":3022,"date":"2019-02-21T01:32:41","date_gmt":"2019-02-21T04:32:41","guid":{"rendered":"http:\/\/flordeibez.org\/flor\/?page_id=3022"},"modified":"2019-02-21T09:47:35","modified_gmt":"2019-02-21T12:47:35","slug":"vi-coracao-em-flor","status":"publish","type":"page","link":"https:\/\/flordeibez.org\/flor\/vi-coracao-em-flor\/","title":{"rendered":"VI Cora\u00e7\u00e3o em Flor &#8211; vamos agroflorestar!"},"content":{"rendered":"<div id=\"pl-3022\"  class=\"panel-layout\" ><div id=\"pg-3022-0\"  class=\"panel-grid panel-has-style\" ><div class=\"siteorigin-panels-stretch panel-row-style panel-row-style-for-3022-0\" data-stretch-type=\"full-stretched\" ><div id=\"pgc-3022-0-0\"  class=\"panel-grid-cell\" ><div id=\"panel-3022-0-0-0\" class=\"so-panel widget widget_sow-editor panel-first-child panel-last-child\" data-index=\"0\" ><div class=\"panel-widget-style panel-widget-style-for-3022-0-0-0\" ><div\n\t\t\t\n\t\t\tclass=\"so-widget-sow-editor so-widget-sow-editor-base\"\n\t\t\t\n\t\t>\n<div class=\"siteorigin-widget-tinymce textwidget\">\n\t<p style=\"text-align: left; font-size: 38px; font-family: helvetica, arial, sans-serif; color: #ffcc00;\"><b>VI Cora\u00e7\u00e3o em Flor<\/b><br \/>\n<span style=\"color: #ffcc00;\">vamos agroflorestar!<\/span><\/p>\n<p style=\"text-align: left; font-size: 26px; font-family: helvetica, arial, sans-serif; color: #fff; font-weight: bold;\">Escolha os dias para participar<br \/>\nentre 1 e 10 de mar\u00e7o 2019<\/p>\n<\/div>\n<\/div><\/div><\/div><\/div><\/div><\/div><div id=\"pg-3022-1\"  class=\"panel-grid panel-no-style\" ><div id=\"pgc-3022-1-0\"  class=\"panel-grid-cell\" ><div id=\"panel-3022-1-0-0\" class=\"so-panel widget widget_text panel-first-child panel-last-child\" data-index=\"1\" ><div class=\"panel-widget-style panel-widget-style-for-3022-1-0-0\" >\t\t\t<div class=\"textwidget\"><p style=\"text-align: left; font-size: 27px; font-family: helvetica, arial, sans-serif; color: #5b4900;\"><strong>Ser\u00e3o dias especiais de viv\u00eancia,<\/strong><\/p>\n<p style=\"text-align: left; font-size: 23px; font-family: helvetica, arial, sans-serif; color: #5b4900;\">com atividade agroflorestal intensiva, alimenta\u00e7\u00e3o vegana, roda de conversa, troca de saberes, pr\u00e1tica de yoga e muito mais!<\/p>\n<\/div>\n\t\t<\/div><\/div><\/div><\/div><div id=\"pg-3022-2\"  class=\"panel-grid panel-has-style\" ><div class=\"siteorigin-panels-stretch panel-row-style panel-row-style-for-3022-2\" data-stretch-type=\"full\" ><div id=\"pgc-3022-2-0\"  class=\"panel-grid-cell panel-grid-cell-mobile-last\" ><div id=\"panel-3022-2-0-0\" class=\"so-panel widget widget_text panel-first-child panel-last-child\" data-index=\"2\" ><div class=\"panel-widget-style panel-widget-style-for-3022-2-0-0\" >\t\t\t<div class=\"textwidget\"><p style=\"text-align: left; font-size: 22px; font-family: helvetica, arial, sans-serif; color: #decd87; font-weight:bold; \">Uma oportunidade<br \/>\npara compartilhar<br \/>\numa vida grupal<br \/>\nque busca<br \/>\nharmonia,<br \/>\ncoopera\u00e7\u00e3o<br \/>\ne paz<br \/>\nentre<br \/>\ntodos os reinos<br \/>\nda Natureza&#8230;<\/p>\n<\/div>\n\t\t<\/div><\/div><\/div><div id=\"pgc-3022-2-1\"  class=\"panel-grid-cell panel-grid-cell-empty\" ><\/div><\/div><\/div><div id=\"pg-3022-3\"  class=\"panel-grid panel-no-style\" ><div id=\"pgc-3022-3-0\"  class=\"panel-grid-cell\" ><div id=\"panel-3022-3-0-0\" class=\"so-panel widget widget_text panel-first-child panel-last-child\" data-index=\"3\" >\t\t\t<div class=\"textwidget\"><p style=\"text-align: center; font-size: 23px; font-family: helvetica, arial, sans-serif; color: #554400; background-color: #ffe680; padding: 5px 20px 5px 20px;\"><b>P R O G R A M A \u00c7 \u00c3 O<\/b><\/p>\n<\/div>\n\t\t<\/div><\/div><\/div><div id=\"pg-3022-4\"  class=\"panel-grid panel-has-style\" ><div class=\"panel-row-style panel-row-style-for-3022-4\" ><div id=\"pgc-3022-4-0\"  class=\"panel-grid-cell panel-grid-cell-mobile-last\" ><div id=\"panel-3022-4-0-0\" class=\"so-panel widget widget_text panel-first-child panel-last-child\" data-index=\"4\" ><div class=\"panel-widget-style panel-widget-style-for-3022-4-0-0\" >\t\t\t<div class=\"textwidget\"><p style=\"text-align: left; font-size: 26px; font-family: helvetica, arial, sans-serif; color: #fff; margin-top: 10%;\"><b>VI Cora\u00e7\u00e3o em Flor<\/b><br \/>\n<span style=\"color: #ffeeaa;\">vamos agroflorestar!<\/span><\/p>\n<p>&nbsp;<\/p>\n<p style=\"font-size: 17px; font-family: helvetica, arial, sans-serif; color: #fff6d5;\"><span style=\"color: #d45500; font-weight: bold;\">Conte\u00fado:<\/span> pr\u00e1tica agroflorestal com preparo de novas parcelas, lida com sementes nativas, roda de conversa, caminhada pelo cerrado e reconhecimento da sua biodiversidade, pr\u00e1tica de yoga, alimenta\u00e7\u00e3o vegana, bem-viver.<\/p>\n<p style=\"font-size: 17px; font-family: helvetica, arial, sans-serif; color: #fff6d5;\"><span style=\"color: #d45500; font-weight: bold;\">Data:<\/span> Escolha os dias para participar entre 1 e 10 de mar\u00e7o 2019<\/p>\n<p style=\"font-size: 17px; font-family: helvetica, arial, sans-serif; color: #fff6d5;\"><span style=\"color: #d45500; font-weight: bold;\">Local:<\/span> Flor de Ibez, \u00e1rea rural, a 20km de Barra do Gar\u00e7as\/MT.<\/p>\n<p style=\"font-size: 17px; font-family: helvetica, arial, sans-serif; color: #fff6d5;\"><span style=\"color: #d45500; font-weight: bold;\">Hospedagem:<\/span> Em camping. Cada participante traz sua barraca (que suporte chuva) e complementos.<\/p>\n<p style=\"font-size: 17px; font-family: helvetica, arial, sans-serif; color: #fff6d5;\"><span style=\"color: #d45500; font-weight: bold;\">Valor de troca:<\/span> R$ 20,00 por dia. Esses valores visam cobrir despesas di\u00e1rias de manuten\u00e7\u00e3o do encontro (luz, \u00e1gua, material de higiene e limpeza, alimenta\u00e7\u00e3o).<\/p>\n<p style=\"font-size: 17px; font-family: helvetica, arial, sans-serif; color: #fff6d5;\"><span style=\"color: #d45500; font-weight: bold;\">Certificado:<\/span> Podemos emitir certificado para os que participarem de tr\u00eas dias de viv\u00eancia ou mais.<\/p>\n<\/div>\n\t\t<\/div><\/div><\/div><div id=\"pgc-3022-4-1\"  class=\"panel-grid-cell panel-grid-cell-empty\" ><\/div><\/div><\/div><div id=\"pg-3022-5\"  class=\"panel-grid panel-no-style\" ><div id=\"pgc-3022-5-0\"  class=\"panel-grid-cell\" ><div id=\"panel-3022-5-0-0\" class=\"widget_text so-panel widget widget_custom_html panel-first-child panel-last-child\" data-index=\"5\" ><div class=\"textwidget custom-html-widget\"><p style=\"text-align: center; font-size: 28px; font-family: helvetica, arial, sans-serif; color: #554400; background-color: #ffe680; padding: 5px 20px 5px 20px;\"><b>I N S C R I \u00c7 \u00c3 O<\/b><\/p><\/div><\/div><\/div><\/div><div id=\"pg-3022-6\"  class=\"panel-grid panel-no-style\" ><div id=\"pgc-3022-6-0\"  class=\"panel-grid-cell\" ><div id=\"panel-3022-6-0-0\" class=\"so-panel widget widget_text panel-first-child panel-last-child\" data-index=\"6\" ><div class=\"panel-widget-style panel-widget-style-for-3022-6-0-0\" >\t\t\t<div class=\"textwidget\"><p style=\"color: #2b1100; font-size: 20px; font-family: helvetica, arial, sans-serif;\">Efetue sua inscri\u00e7\u00e3o por meio do <a href=\"https:\/\/goo.gl\/forms\/NzWMWSj95lHZkTQ13\" target=\"_blank\" rel=\"noopener\">Formul\u00e1rio de Inscri\u00e7\u00e3o (clique aqui)<\/a>.<\/p>\n<p style=\"color: #2b1100; font-size: 20px; font-family: helvetica, arial, sans-serif;\">Dados para transfer\u00eancia ou dep\u00f3sito banc\u00e1rio:<\/p>\n<p style=\"color: #2b1100; font-size: 16px; font-family: helvetica, arial, sans-serif; margin-left: 9%;\"><b>Flor de Ibez &#8212; Instituto de Vida Integral<\/b><br \/>\nBanco 237 &#8211; Bradesco<br \/>\nAg\u00eancia 3292-1 \u00a0 CC 6751-2<br \/>\nCNPJ 27.233.268\/0001-20<\/p>\n<\/div>\n\t\t<\/div><\/div><\/div><\/div><div id=\"pg-3022-7\"  class=\"panel-grid panel-has-style\" ><div class=\"siteorigin-panels-stretch panel-row-style panel-row-style-for-3022-7\" data-stretch-type=\"full\" ><div id=\"pgc-3022-7-0\"  class=\"panel-grid-cell\" ><div id=\"panel-3022-7-0-0\" class=\"so-panel widget widget_text panel-first-child panel-last-child\" data-index=\"7\" ><div class=\"panel-widget-style panel-widget-style-for-3022-7-0-0\" >\t\t\t<div class=\"textwidget\"><p style=\"text-align: center; font-size: 1px; font-family: helvetica, arial, sans-serif; color: #fff;\">\n<\/div>\n\t\t<\/div><\/div><\/div><\/div><\/div><div id=\"pg-3022-8\"  class=\"panel-grid panel-no-style\" ><div id=\"pgc-3022-8-0\"  class=\"panel-grid-cell\" ><div id=\"panel-3022-8-0-0\" class=\"so-panel widget widget_text panel-first-child panel-last-child\" data-index=\"8\" ><div class=\"panel-widget-style panel-widget-style-for-3022-8-0-0\" >\t\t\t<div class=\"textwidget\"><p style=\"text-align: center; font-size: 21px; font-family: helvetica, arial, sans-serif; color: #554400;\"><b>Acompanhe nossas p\u00e1ginas!<\/b><\/p>\n<\/div>\n\t\t<\/div><\/div><\/div><div id=\"pgc-3022-8-1\"  class=\"panel-grid-cell panel-grid-cell-empty panel-grid-cell-mobile-last\" ><\/div><div id=\"pgc-3022-8-2\"  class=\"panel-grid-cell panel-grid-cell-empty\" ><\/div><\/div><div id=\"pg-3022-9\"  class=\"panel-grid panel-has-style\" ><div class=\"panel-row-style panel-row-style-for-3022-9\" ><div id=\"pgc-3022-9-0\"  class=\"panel-grid-cell\" ><div id=\"panel-3022-9-0-0\" class=\"so-panel widget widget_vifbfanbox_widget_class widget_FacebookLikeBox panel-first-child panel-last-child\" data-index=\"9\" ><div id=\"fb-root\"><\/div>\n\t\t<script>(function(d, s, id) {\n\t\tvar js, fjs = d.getElementsByTagName(s)[0];\n\t\tif (d.getElementById(id)) return;\n\t\tjs = d.createElement(s); js.id = id;\n\t\tjs.src = \"\/\/connect.facebook.net\/pt_BR\/all.js#xfbml=1&appId=Flor de Ibez\";fjs.parentNode.insertBefore(js, fjs);}(document, 'script', 'facebook-jssdk'));<\/script><fb:like-box href=\"https:\/\/www.facebook.com\/flordeibez\/\" style=\"border:2px solid #ffffff\"  width=\"320\" show_faces=\"true\" border_color=\"yes\" stream=\"true\" header=\"true\" data-colorscheme=\"light\" data-show-border=\"yes\"><\/fb:like-box><\/div><\/div><div id=\"pgc-3022-9-1\"  class=\"panel-grid-cell\" ><div id=\"panel-3022-9-1-0\" class=\"so-panel widget widget_vifbfanbox_widget_class widget_FacebookLikeBox panel-first-child panel-last-child\" data-index=\"10\" ><div id=\"fb-root\"><\/div>\n\t\t<script>(function(d, s, id) {\n\t\tvar js, fjs = d.getElementsByTagName(s)[0];\n\t\tif (d.getElementById(id)) return;\n\t\tjs = d.createElement(s); js.id = id;\n\t\tjs.src = \"\/\/connect.facebook.net\/pt_BR\/all.js#xfbml=1&appId=Flor de Ibez\";fjs.parentNode.insertBefore(js, fjs);}(document, 'script', 'facebook-jssdk'));<\/script><fb:like-box href=\"https:\/\/www.facebook.com\/yogaflordeibez\/\" style=\"border:2px solid #ffffff\"  width=\"320\" show_faces=\"true\" border_color=\"yes\" stream=\"true\" header=\"true\" data-colorscheme=\"light\" data-show-border=\"yes\"><\/fb:like-box><\/div><\/div><div id=\"pgc-3022-9-2\"  class=\"panel-grid-cell\" ><div id=\"panel-3022-9-2-0\" class=\"so-panel widget widget_vifbfanbox_widget_class widget_FacebookLikeBox panel-first-child panel-last-child\" data-index=\"11\" ><div id=\"fb-root\"><\/div>\n\t\t<script>(function(d, s, id) {\n\t\tvar js, fjs = d.getElementsByTagName(s)[0];\n\t\tif (d.getElementById(id)) return;\n\t\tjs = d.createElement(s); js.id = id;\n\t\tjs.src = \"\/\/connect.facebook.net\/pt_BR\/all.js#xfbml=1&appId=Flor de Ibez\";fjs.parentNode.insertBefore(js, fjs);}(document, 'script', 'facebook-jssdk'));<\/script><fb:like-box href=\"https:\/\/www.facebook.com\/pg\/agroecologiaflordeibez\/\" style=\"border:2px solid #ffffff\"  width=\"320\" show_faces=\"true\" border_color=\"yes\" stream=\"true\" header=\"true\" data-colorscheme=\"light\" data-show-border=\"yes\"><\/fb:like-box><\/div><\/div><\/div><\/div><div id=\"pg-3022-10\"  class=\"panel-grid panel-has-style\" ><div class=\"siteorigin-panels-stretch panel-row-style panel-row-style-for-3022-10\" data-stretch-type=\"full-stretched\" ><div id=\"pgc-3022-10-0\"  class=\"panel-grid-cell\" ><div id=\"panel-3022-10-0-0\" class=\"so-panel widget widget_text panel-first-child panel-last-child\" data-index=\"12\" ><div class=\"panel-widget-style panel-widget-style-for-3022-10-0-0\" >\t\t\t<div class=\"textwidget\"><p style=\"text-align: center; font-size: 16px; font-family: helvetica, arial, sans-serif; color: #decd87;\">e-mail flordeibez@gmail.com<br \/>\nwhats app +55 66 9 9673-7893<br \/>\nfacebook Flor de Ibez<\/p>\n<p><\/&#038;nbsp><br \/>\n<\/&#038;nbsp><br \/>\n<\/&#038;nbsp><\/p>\n<p style=\"text-align: center; font-size: 16px; font-family: helvetica, arial, sans-serif; color: #fff;\"><b>Paz a todos os seres!<\/b><\/p>\n<\/div>\n\t\t<\/div><\/div><\/div><\/div><\/div><\/div>","protected":false},"excerpt":{"rendered":"<p>VI Cora\u00e7\u00e3o em Flor vamos agroflorestar! Escolha os dias para participar entre 1 e 10 de mar\u00e7o 2019 Ser\u00e3o dias especiais de viv\u00eancia, com atividade agroflorestal intensiva, alimenta\u00e7\u00e3o vegana, roda de conversa, troca de saberes, pr\u00e1tica de yoga e muito mais!<\/p>\n","protected":false},"author":2,"featured_media":0,"parent":0,"menu_order":0,"comment_status":"closed","ping_status":"closed","template":"","meta":[],"_links":{"self":[{"href":"https:\/\/flordeibez.org\/flor\/wp-json\/wp\/v2\/pages\/3022"}],"collection":[{"href":"https:\/\/flordeibez.org\/flor\/wp-json\/wp\/v2\/pages"}],"about":[{"href":"https:\/\/flordeibez.org\/flor\/wp-json\/wp\/v2\/types\/page"}],"author":[{"embeddable":true,"href":"https:\/\/flordeibez.org\/flor\/wp-json\/wp\/v2\/users\/2"}],"replies":[{"embeddable":true,"href":"https:\/\/flordeibez.org\/flor\/wp-json\/wp\/v2\/comments?post=3022"}],"version-history":[{"count":15,"href":"https:\/\/flordeibez.org\/flor\/wp-json\/wp\/v2\/pages\/3022\/revisions"}],"predecessor-version":[{"id":3040,"href":"https:\/\/flordeibez.org\/flor\/wp-json\/wp\/v2\/pages\/3022\/revisions\/3040"}],"wp:attachment":[{"href":"https:\/\/flordeibez.org\/flor\/wp-json\/wp\/v2\/media?parent=3022"}],"curies":[{"name":"wp","href":"https:\/\/api.w.org\/{rel}","templated":true}]}}