{"id":2090,"date":"2017-09-17T22:39:02","date_gmt":"2017-09-18T01:39:02","guid":{"rendered":"http:\/\/flordeibez.org\/flor\/?page_id=2090"},"modified":"2017-09-18T07:29:57","modified_gmt":"2017-09-18T10:29:57","slug":"e-a-obra","status":"publish","type":"page","link":"https:\/\/flordeibez.org\/flor\/e-a-obra\/","title":{"rendered":"E a obra, como est\u00e1?"},"content":{"rendered":"<div id=\"pl-2090\"  class=\"panel-layout\" ><div id=\"pg-2090-0\"  class=\"panel-grid panel-no-style\" ><div id=\"pgc-2090-0-0\"  class=\"panel-grid-cell\" ><div id=\"panel-2090-0-0-0\" class=\"so-panel widget widget_sow-editor panel-first-child panel-last-child\" data-index=\"0\" ><div class=\"panel-widget-style panel-widget-style-for-2090-0-0-0\" ><div\n\t\t\t\n\t\t\tclass=\"so-widget-sow-editor so-widget-sow-editor-base\"\n\t\t\t\n\t\t>\n<div class=\"siteorigin-widget-tinymce textwidget\">\n\t<p style=\"text-align: none; font-size: 32px; font-family: helvetica, arial, sans-serif; color: #d14c00;\"><b>E a obra, como est\u00e1?<\/b><\/p>\n<p><span style=\"text-align: left; font-size: 14px; font-family: helvetica, arial, sans-serif; color: #2b1100;\">[17-set-2017]<\/span><br \/>\n<a href=\"http:\/\/flordeibez.org\/\"><img decoding=\"async\" loading=\"lazy\" class=\"alignnone size-medium wp-image-1570\" title=\"Clique para conhecer mais\" src=\"http:\/\/flordeibez.org\/flor\/wp-content\/uploads\/2017\/09\/colheita_taboca_.jpg\" alt=\"\" width=\"800\" height=\"450\" \/><\/a><img decoding=\"async\" loading=\"lazy\" class=\"wp-image-1797 alignleft\" title=\"Clique para conhecer mais\" src=\"http:\/\/flordeibez.org\/flor\/wp-content\/uploads\/2017\/09\/muro_10-dia_01.jpg\" alt=\"\" width=\"400\" height=\"225\"\/><img decoding=\"async\" loading=\"lazy\" class=\"wp-image-1797 alignleft\" title=\"Clique para conhecer mais\" src=\"http:\/\/flordeibez.org\/flor\/wp-content\/uploads\/2017\/09\/muro_10-dia_02.jpg\" alt=\"\" width=\"400\" height=\"225\"\/><img decoding=\"async\" loading=\"lazy\" class=\"wp-image-1797 alignleft\" title=\"Clique para conhecer mais\" src=\"http:\/\/flordeibez.org\/flor\/wp-content\/uploads\/2017\/09\/corte_madeira_10-dia.jpg\" alt=\"\" width=\"400\" height=\"225\"\/><img decoding=\"async\" loading=\"lazy\" class=\"wp-image-1797 alignleft\" title=\"Clique para conhecer mais\" src=\"http:\/\/flordeibez.org\/flor\/wp-content\/uploads\/2017\/09\/colheita_taboca_01.jpg\" alt=\"\" width=\"400\" height=\"225\"\/><img decoding=\"async\" loading=\"lazy\" class=\"wp-image-1797 alignleft\" title=\"Clique para conhecer mais\" src=\"http:\/\/flordeibez.org\/flor\/wp-content\/uploads\/2017\/09\/colheita_taboca_02.jpg\" alt=\"\" width=\"400\" height=\"225\"\/><img decoding=\"async\" loading=\"lazy\" class=\"wp-image-1797 alignleft\" title=\"Clique para conhecer mais\" src=\"http:\/\/flordeibez.org\/flor\/wp-content\/uploads\/2017\/09\/colheita_taboca_03a.jpg\" alt=\"\" width=\"400\" height=\"225\"\/><img decoding=\"async\" loading=\"lazy\" class=\"wp-image-1797 alignleft\" title=\"Clique para conhecer mais\" src=\"http:\/\/flordeibez.org\/flor\/wp-content\/uploads\/2017\/09\/colheita_taboca_03.jpg\" alt=\"\" width=\"400\" height=\"225\"\/><\/p>\n<p style=\"text-align: left; font-size: 17px; font-family: helvetica, arial, sans-serif; color: #5b4900; line-height: 200%;\">Amigo: Al\u00f4, Sim\u00f3n, tudo bem?<\/p>\n<p style=\"text-align: left; font-size: 17px; font-family: helvetica, arial, sans-serif; color: #5b4900; line-height: 200%;\">Sim\u00f3n: Ol\u00e1 irm\u00e3o, como est\u00e1? Que bom falar com voc\u00ea! Por aqui tudo bem.<\/p>\n<p style=\"text-align: left; font-size: 17px; font-family: helvetica, arial, sans-serif; color: #5b4900; line-height: 200%;\">A: E a obra, como est\u00e1 indo?<\/p>\n<p style=\"text-align: left; font-size: 17px; font-family: helvetica, arial, sans-serif; color: #5b4900; line-height: 200%;\">S: Caminhando firme! Trabalhamos nela todos os dias, pelo menos meio hor\u00e1rio. Temos que cuidar das plantas e nem sempre podemos ficar o dia todo na obra. Mas est\u00e1 caminhando super bem. E voc\u00ea, quando aparece?<\/p>\n<p style=\"text-align: left; font-size: 17px; font-family: helvetica, arial, sans-serif; color: #5b4900; line-height: 200%;\">A: Quero me voluntariar com voc\u00eas. Pode ser?<\/p>\n<p style=\"text-align: left; font-size: 17px; font-family: helvetica, arial, sans-serif; color: #5b4900; line-height: 200%;\">S: Claro. Temos o voluntariado aos finais de semana, e tamb\u00e9m uma imers\u00e3o programada para o feriado de outubro. Todos os detalhes est\u00e3o\u00a0no formul\u00e1rio para <a title=\"Clique para conhecer mais!\" href=\"https:\/\/goo.gl\/forms\/D2z9CiYft4WolkVH2\" target=\"_blank\" rel=\"noopener\"><b>voluntariado em bioconstru\u00e7\u00e3o<\/b><\/a>.\u00a0\u00c9 s\u00f3 clicar e se inscrever! Venha sim, ser\u00e1 muito bem-vindo!<\/p>\n<p style=\"text-align: left; font-size: 17px; font-family: helvetica, arial, sans-serif; color: #5b4900; line-height: 200%;\">A: Combinado, mas... me conta um pouco como foram esses dias na obra...<\/p>\n<p style=\"text-align: left; font-size: 17px; font-family: helvetica, arial, sans-serif; color: #5b4900; line-height: 200%;\">S: Claro, amigo! Hoje completamos 11 dias de trabalho, naquele regime que lhe falei: meio hor\u00e1rio bem trabalhado. Ontem quase terminamos a mureta de pedra, que ser\u00e1 a base para a parede de pau-a-pique.\u00a0O Fernando, lembra dele?... n\u00e3o perde tempo. J\u00e1 est\u00e1 cortando as madeiras que estamos reciclando para fazer os batentes das janelas e portas.<\/p>\n<p style=\"text-align: left; font-size: 17px; font-family: helvetica, arial, sans-serif; color: #5b4900; line-height: 200%;\">Hoje colhemos taboca para estruturar as paredes, porque t\u00ednhamos que aproveitar a lua certa para essa coleta.\u00a0A\u00a0<b><a title=\"Clique para conhecer mais!\" href=\"http:\/\/flordeibez.org\/\" rel=\"noopener\">Casa Gatil<\/a><\/b>\u00a0vai ser bem simples, mas est\u00e1 sendo constru\u00edda com muito amor. M\u00e3os que obram por amor aos reinos e ao universo! Bem, em resumo, \u00e9 isso... Ent\u00e3o, animado para vir?<\/p>\n<p style=\"text-align: left; font-size: 17px; font-family: helvetica, arial, sans-serif; color: #5b4900; line-height: 200%;\">A: Beleza! Animad\u00edssimo! Estou contando os dias para chegar a\u00ed!<\/p>\n<p style=\"text-align: left; font-size: 17px; font-family: helvetica, arial, sans-serif; color: #5b4900; line-height: 200%;\">S: Muito bom! Vou ter que desligar agora, mas, por favor, n\u00e3o esque\u00e7a de visitar o\u00a0<b><a title=\"Clique para conhecer mais!\" href=\"http:\/\/flordeibez.org\/\" rel=\"noopener\">Projeto Gato-Amigo<\/a><\/b>. E, antes de sair da p\u00e1gina, fa\u00e7a sua doa\u00e7\u00e3o! \u00a0E avise tamb\u00e9m aos seus amigos!<\/p>\n<p style=\"text-align: left; font-size: 17px; font-family: helvetica, arial, sans-serif; color: #5b4900; line-height: 200%;\">A: Pode deixar, Sim\u00f3n. J\u00e1 vou clicar agora no projeto! \u00a0E logo logo estarei a\u00ed com voc\u00eas! Abra\u00e7o!<\/p>\n<p style=\"text-align: left; font-size: 17px; font-family: helvetica, arial, sans-serif; color: #5b4900; line-height: 200%;\">S: Abra\u00e7o!<\/p>\n<\/div>\n<\/div><\/div><\/div><\/div><\/div><\/div>","protected":false},"excerpt":{"rendered":"<p>E a obra, como est\u00e1? [17-set-2017] Amigo: Al\u00f4, Sim\u00f3n, tudo bem? Sim\u00f3n: Ol\u00e1 irm\u00e3o, como est\u00e1? Que bom falar com voc\u00ea! Por aqui tudo bem. A: E a obra, como est\u00e1 indo? S: Caminhando firme! Trabalhamos nela todos os dias, pelo menos meio hor\u00e1rio. Temos que cuidar das plantas e nem sempre podemos ficar o [&hellip;]<\/p>\n","protected":false},"author":2,"featured_media":0,"parent":0,"menu_order":0,"comment_status":"closed","ping_status":"closed","template":"","meta":[],"_links":{"self":[{"href":"https:\/\/flordeibez.org\/flor\/wp-json\/wp\/v2\/pages\/2090"}],"collection":[{"href":"https:\/\/flordeibez.org\/flor\/wp-json\/wp\/v2\/pages"}],"about":[{"href":"https:\/\/flordeibez.org\/flor\/wp-json\/wp\/v2\/types\/page"}],"author":[{"embeddable":true,"href":"https:\/\/flordeibez.org\/flor\/wp-json\/wp\/v2\/users\/2"}],"replies":[{"embeddable":true,"href":"https:\/\/flordeibez.org\/flor\/wp-json\/wp\/v2\/comments?post=2090"}],"version-history":[{"count":20,"href":"https:\/\/flordeibez.org\/flor\/wp-json\/wp\/v2\/pages\/2090\/revisions"}],"predecessor-version":[{"id":2112,"href":"https:\/\/flordeibez.org\/flor\/wp-json\/wp\/v2\/pages\/2090\/revisions\/2112"}],"wp:attachment":[{"href":"https:\/\/flordeibez.org\/flor\/wp-json\/wp\/v2\/media?parent=2090"}],"curies":[{"name":"wp","href":"https:\/\/api.w.org\/{rel}","templated":true}]}}