{"id":2031,"date":"2017-09-09T21:17:26","date_gmt":"2017-09-10T00:17:26","guid":{"rendered":"http:\/\/flordeibez.org\/flor\/?page_id=2031"},"modified":"2017-09-09T21:28:00","modified_gmt":"2017-09-10T00:28:00","slug":"terceiro-dia","status":"publish","type":"page","link":"https:\/\/flordeibez.org\/flor\/terceiro-dia\/","title":{"rendered":"Terceiro dia!"},"content":{"rendered":"<div id=\"pl-2031\"  class=\"panel-layout\" ><div id=\"pg-2031-0\"  class=\"panel-grid panel-no-style\" ><div id=\"pgc-2031-0-0\"  class=\"panel-grid-cell\" ><div id=\"panel-2031-0-0-0\" class=\"so-panel widget widget_sow-editor panel-first-child panel-last-child\" data-index=\"0\" ><div class=\"panel-widget-style panel-widget-style-for-2031-0-0-0\" ><div\n\t\t\t\n\t\t\tclass=\"so-widget-sow-editor so-widget-sow-editor-base\"\n\t\t\t\n\t\t>\n<div class=\"siteorigin-widget-tinymce textwidget\">\n\t<p style=\"text-align: none; font-size: 32px; font-family: helvetica, arial, sans-serif; color: #d14c00;\"><b>Terceiro dia!<\/b><\/p>\n<p><span style=\"text-align: left; font-size: 14px; font-family: helvetica, arial, sans-serif; color: #2b1100;\">[9-set-2017]<\/span><br \/>\n<a href=\"http:\/\/flordeibez.org\/\"><img decoding=\"async\" loading=\"lazy\" class=\"alignnone size-medium wp-image-1570\" title=\"Clique para conhecer mais\" src=\"http:\/\/flordeibez.org\/flor\/wp-content\/uploads\/2017\/09\/terceiro_dia_.jpg\" alt=\"\" width=\"800\" height=\"450\" \/><\/a><img decoding=\"async\" loading=\"lazy\" class=\"wp-image-1797 alignright\" title=\"Clique para conhecer mais\" src=\"http:\/\/flordeibez.org\/flor\/wp-content\/uploads\/2017\/09\/terceiro_dia_01.jpg\" alt=\"\" width=\"400\" height=\"225\" \/><img decoding=\"async\" loading=\"lazy\" class=\"wp-image-1797 alignright\" title=\"Clique para conhecer mais\" src=\"http:\/\/flordeibez.org\/flor\/wp-content\/uploads\/2017\/09\/terceiro_dia_02.jpg\" alt=\"\" width=\"400\" height=\"225\" \/><img decoding=\"async\" loading=\"lazy\" class=\"wp-image-1797 alignright\" title=\"Clique para conhecer mais\" src=\"http:\/\/flordeibez.org\/flor\/wp-content\/uploads\/2017\/09\/terceiro_dia_03.jpg\" alt=\"\" width=\"400\" height=\"225\" \/><img decoding=\"async\" loading=\"lazy\" class=\"wp-image-1797 alignright\" title=\"Clique para conhecer mais\" src=\"http:\/\/flordeibez.org\/flor\/wp-content\/uploads\/2017\/09\/terceiro_dia_04.jpg\" alt=\"\" width=\"400\" height=\"225\" \/><\/p>\n<p style=\"text-align: left; font-size: 17px; font-family: helvetica, arial, sans-serif; color: #5b4900; line-height: 200%;\">Relatos de hoje!<\/p>\n<p style=\"text-align: left; font-size: 17px; font-family: helvetica, arial, sans-serif; color: #5b4900; line-height: 200%;\">Come\u00e7amos o trabalho com as pedras... Bela experi\u00eancia! Encontrar a pedra certa para cada espa\u00e7o que vai surgindo! Estamos aprendendo que \u00e9 s\u00f3 ir com calma e paci\u00eancia que d\u00e1 certo. Ali\u00e1s, como em tudo na vida! <\/p>\n<p style=\"text-align: left; font-size: 17px; font-family: helvetica, arial, sans-serif; color: #5b4900; line-height: 200%;\">A tarefa de amanh\u00e3, domingo, ser\u00e1 coletar mais pedras, em uma fazenda vizinha. E as pessoas perguntam: mas voc\u00eas n\u00e3o descansam no domingo? Claro que sim: enquanto descansamos carregamos pedras! Podemos compartilhar que \u00e9 uma alegria para todos! Acompanhe nossa p\u00e1gina, daremos not\u00edcias!<\/p>\n<p style=\"text-align: left; font-size: 17px; font-family: helvetica, arial, sans-serif; color: #5b4900; line-height: 200%;\">\u00a0E antes de despedir, fica o convite para voc\u00ea participar tamb\u00e9m desse projeto. Visite o<b><a title=\"Clique para conhecer mais!\" href=\"http:\/\/flordeibez.org\/\" rel=\"noopener\"> Projeto Gato-Amigo<\/a><\/b>\u00a0e colabore ali diretamente, ou venha para o <a title=\"Clique para conhecer mais!\" href=\"https:\/\/goo.gl\/forms\/D2z9CiYft4WolkVH2\" target=\"_blank\" rel=\"noopener\"><b>voluntariado em bioconstru\u00e7\u00e3o<\/b><\/a> ! <\/p>\n<p style=\"text-align: left; font-size: 17px; font-family: helvetica, arial, sans-serif; color: #5b4900; line-height: 200%;\">Gratid\u00e3o por participar! Abra\u00e7os de paz!<\/p>\n<\/div>\n<\/div><\/div><\/div><\/div><\/div><\/div>","protected":false},"excerpt":{"rendered":"<p>Terceiro dia! [9-set-2017] Relatos de hoje! Come\u00e7amos o trabalho com as pedras&#8230; Bela experi\u00eancia! Encontrar a pedra certa para cada espa\u00e7o que vai surgindo! Estamos aprendendo que \u00e9 s\u00f3 ir com calma e paci\u00eancia que d\u00e1 certo. Ali\u00e1s, como em tudo na vida! A tarefa de amanh\u00e3, domingo, ser\u00e1 coletar mais pedras, em uma fazenda [&hellip;]<\/p>\n","protected":false},"author":2,"featured_media":0,"parent":0,"menu_order":0,"comment_status":"closed","ping_status":"closed","template":"","meta":[],"_links":{"self":[{"href":"https:\/\/flordeibez.org\/flor\/wp-json\/wp\/v2\/pages\/2031"}],"collection":[{"href":"https:\/\/flordeibez.org\/flor\/wp-json\/wp\/v2\/pages"}],"about":[{"href":"https:\/\/flordeibez.org\/flor\/wp-json\/wp\/v2\/types\/page"}],"author":[{"embeddable":true,"href":"https:\/\/flordeibez.org\/flor\/wp-json\/wp\/v2\/users\/2"}],"replies":[{"embeddable":true,"href":"https:\/\/flordeibez.org\/flor\/wp-json\/wp\/v2\/comments?post=2031"}],"version-history":[{"count":4,"href":"https:\/\/flordeibez.org\/flor\/wp-json\/wp\/v2\/pages\/2031\/revisions"}],"predecessor-version":[{"id":2038,"href":"https:\/\/flordeibez.org\/flor\/wp-json\/wp\/v2\/pages\/2031\/revisions\/2038"}],"wp:attachment":[{"href":"https:\/\/flordeibez.org\/flor\/wp-json\/wp\/v2\/media?parent=2031"}],"curies":[{"name":"wp","href":"https:\/\/api.w.org\/{rel}","templated":true}]}}