{"id":1995,"date":"2017-09-07T15:08:08","date_gmt":"2017-09-07T18:08:08","guid":{"rendered":"http:\/\/flordeibez.org\/flor\/?page_id=1995"},"modified":"2017-09-07T19:41:48","modified_gmt":"2017-09-07T22:41:48","slug":"iniciamos-a-obra","status":"publish","type":"page","link":"https:\/\/flordeibez.org\/flor\/iniciamos-a-obra\/","title":{"rendered":"Iniciamos a obra!"},"content":{"rendered":"<div id=\"pl-1995\"  class=\"panel-layout\" ><div id=\"pg-1995-0\"  class=\"panel-grid panel-no-style\" ><div id=\"pgc-1995-0-0\"  class=\"panel-grid-cell\" ><div id=\"panel-1995-0-0-0\" class=\"so-panel widget widget_sow-editor panel-first-child panel-last-child\" data-index=\"0\" ><div class=\"panel-widget-style panel-widget-style-for-1995-0-0-0\" ><div\n\t\t\t\n\t\t\tclass=\"so-widget-sow-editor so-widget-sow-editor-base\"\n\t\t\t\n\t\t>\n<div class=\"siteorigin-widget-tinymce textwidget\">\n\t<p style=\"text-align: none; font-size: 32px; font-family: helvetica, arial, sans-serif; color: #d14c00;\"><b>Iniciamos a obra!<\/b><\/p>\n<p><span style=\"text-align: left; font-size: 14px; font-family: helvetica, arial, sans-serif; color: #2b1100;\">[7-set-2017]<\/span><br \/>\n<a href=\"http:\/\/flordeibez.org\/\"><img decoding=\"async\" loading=\"lazy\" class=\"alignnone size-medium wp-image-1570\" title=\"Clique para conhecer mais\" src=\"http:\/\/flordeibez.org\/flor\/wp-content\/uploads\/2017\/09\/primeiro_dia_04.jpg\" alt=\"\" width=\"800\" height=\"450\" \/><\/a><img decoding=\"async\" loading=\"lazy\" class=\"wp-image-1797 alignright\" title=\"Clique para conhecer mais\" src=\"http:\/\/flordeibez.org\/flor\/wp-content\/uploads\/2017\/09\/primeiro_dia_01.jpg\" alt=\"\" width=\"400\" height=\"225\" \/><img decoding=\"async\" loading=\"lazy\" class=\"wp-image-1797 alignright\" title=\"Clique para conhecer mais\" src=\"http:\/\/flordeibez.org\/flor\/wp-content\/uploads\/2017\/09\/primeiro_dia_02.jpg\" alt=\"\" width=\"400\" height=\"225\" \/><img decoding=\"async\" loading=\"lazy\" class=\"wp-image-1797 alignright\" title=\"Clique para conhecer mais\" src=\"http:\/\/flordeibez.org\/flor\/wp-content\/uploads\/2017\/09\/primeiro_dia_03.jpg\" alt=\"\" width=\"400\" height=\"225\" \/><img decoding=\"async\" loading=\"lazy\" class=\"wp-image-1797 alignright\" title=\"Clique para conhecer mais\" src=\"http:\/\/flordeibez.org\/flor\/wp-content\/uploads\/2017\/09\/primeiro_dia_06.jpg\" alt=\"\" width=\"400\" height=\"225\" \/><img decoding=\"async\" loading=\"lazy\" class=\"wp-image-1797 alignright\" title=\"Clique para conhecer mais\" src=\"http:\/\/flordeibez.org\/flor\/wp-content\/uploads\/2017\/09\/primeiro_dia_05.jpg\" alt=\"\" width=\"400\" height=\"225\" \/><\/p>\n<p style=\"text-align: left; font-size: 17px; font-family: helvetica, arial, sans-serif; color: #5b4900; line-height: 200%;\">Alegria e gratid\u00e3o, come\u00e7amos a elevar as colunas! \u00a0Com muita disposi\u00e7\u00e3o a pequena equipe trabalhou firme. Agora, estamos cuidando de detalhes para finalizar a instala\u00e7\u00e3o do canteiro de obras e disponibilizar \u00e1gua e eletricidade. Logo prosseguiremos com as demais colunas.<\/p>\n<p style=\"text-align: left; font-size: 17px; font-family: helvetica, arial, sans-serif; color: #5b4900; line-height: 200%;\">Trabalho suado... Mas como \u00e9 bom ver a\u00a0<b><a title=\"Clique para conhecer mais!\" href=\"http:\/\/flordeibez.org\/\" rel=\"noopener\">Casa-Gatil<\/a><\/b>\u00a0come\u00e7ar a aparecer no plano f\u00edsico!<\/p>\n<p style=\"text-align: left; font-size: 17px; font-family: helvetica, arial, sans-serif; color: #5b4900; line-height: 200%;\">E voc\u00ea, gostaria de participar? Tem espa\u00e7o para todos! E podemos lhe dizer: a sua participa\u00e7\u00e3o \u00e9 super importante para n\u00f3s. Voc\u00ea pode colaborar \u00e0 dist\u00e2ncia, contribuindo no\u00a0<b><a title=\"Clique para conhecer mais!\" href=\"http:\/\/flordeibez.org\/\" rel=\"noopener\">projeto de finaciamento coletivo<\/a>\u00a0<\/b>\u00a0ou diretamente no <a title=\"Clique para conhecer mais!\" href=\"https:\/\/goo.gl\/forms\/D2z9CiYft4WolkVH2\" target=\"_blank\" rel=\"noopener\"><b>voluntariado em bioconstru\u00e7\u00e3o<\/b><\/a>\u00a0que est\u00e1 acontecendo agora e vai prosseguir no feriado de outubro.<\/p>\n<p style=\"text-align: left; font-size: 17px; font-family: helvetica, arial, sans-serif; color: #5b4900; line-height: 200%;\">E ent\u00e3o? Vamos l\u00e1? Contamos com a for\u00e7a grupal, que nasce da coopera\u00e7\u00e3o!<\/p>\n<p style=\"text-align: left; font-size: 17px; font-family: helvetica, arial, sans-serif; color: #5b4900; line-height: 200%;\">Receba nosso amor e gratid\u00e3o!<\/p>\n<\/div>\n<\/div><\/div><\/div><\/div><\/div><\/div>","protected":false},"excerpt":{"rendered":"<p>Iniciamos a obra![7-set-2017] Alegria e gratid\u00e3o, come\u00e7amos a elevar as colunas! \u00a0Com muita disposi\u00e7\u00e3o a pequena equipe trabalhou firme. Agora, estamos cuidando de detalhes para finalizar a instala\u00e7\u00e3o do canteiro de obras e disponibilizar \u00e1gua e eletricidade. Logo prosseguiremos com as demais colunas. Trabalho suado&#8230; Mas como \u00e9 bom ver a\u00a0Casa-Gatil\u00a0come\u00e7ar a aparecer no plano [&hellip;]<\/p>\n","protected":false},"author":2,"featured_media":0,"parent":0,"menu_order":0,"comment_status":"closed","ping_status":"closed","template":"","meta":[],"_links":{"self":[{"href":"https:\/\/flordeibez.org\/flor\/wp-json\/wp\/v2\/pages\/1995"}],"collection":[{"href":"https:\/\/flordeibez.org\/flor\/wp-json\/wp\/v2\/pages"}],"about":[{"href":"https:\/\/flordeibez.org\/flor\/wp-json\/wp\/v2\/types\/page"}],"author":[{"embeddable":true,"href":"https:\/\/flordeibez.org\/flor\/wp-json\/wp\/v2\/users\/2"}],"replies":[{"embeddable":true,"href":"https:\/\/flordeibez.org\/flor\/wp-json\/wp\/v2\/comments?post=1995"}],"version-history":[{"count":12,"href":"https:\/\/flordeibez.org\/flor\/wp-json\/wp\/v2\/pages\/1995\/revisions"}],"predecessor-version":[{"id":2012,"href":"https:\/\/flordeibez.org\/flor\/wp-json\/wp\/v2\/pages\/1995\/revisions\/2012"}],"wp:attachment":[{"href":"https:\/\/flordeibez.org\/flor\/wp-json\/wp\/v2\/media?parent=1995"}],"curies":[{"name":"wp","href":"https:\/\/api.w.org\/{rel}","templated":true}]}}