{"id":1901,"date":"2017-09-03T14:09:42","date_gmt":"2017-09-03T17:09:42","guid":{"rendered":"http:\/\/flordeibez.org\/flor\/?page_id=1901"},"modified":"2017-09-04T13:23:13","modified_gmt":"2017-09-04T16:23:13","slug":"conhece-a-betinha","status":"publish","type":"page","link":"https:\/\/flordeibez.org\/flor\/conhece-a-betinha\/","title":{"rendered":"Conhece a Betinha?"},"content":{"rendered":"<div id=\"pl-1901\"  class=\"panel-layout\" ><div id=\"pg-1901-0\"  class=\"panel-grid panel-no-style\" ><div id=\"pgc-1901-0-0\"  class=\"panel-grid-cell\" ><div id=\"panel-1901-0-0-0\" class=\"so-panel widget widget_sow-editor panel-first-child panel-last-child\" data-index=\"0\" ><div class=\"panel-widget-style panel-widget-style-for-1901-0-0-0\" ><div\n\t\t\t\n\t\t\tclass=\"so-widget-sow-editor so-widget-sow-editor-base\"\n\t\t\t\n\t\t>\n<div class=\"siteorigin-widget-tinymce textwidget\">\n\t<p style=\"text-align: none; font-size: 32px; font-family: helvetica, arial, sans-serif; color: #d14c00;\"><b>Conhece a Betinha?<\/b><\/p>\n<p><a href=\"http:\/\/flordeibez.org\/\"><img decoding=\"async\" loading=\"lazy\" class=\"alignnone size-medium wp-image-1570\" title=\"Clique para conhecer mais\" src=\"http:\/\/flordeibez.org\/flor\/wp-content\/uploads\/2017\/09\/betaneira_01_.jpg\" alt=\"\" width=\"800\" height=\"450\" \/><\/a><\/p>\n<p style=\"text-align: left; font-size: 17px; font-family: helvetica, arial, sans-serif; color: #5b4900; line-height: 200%;\">Betinha -- ou Betaneira -- \u00e9 uma fiel colaboradora! Ela j\u00e1 est\u00e1 escalada para as imers\u00f5es em bioconstru\u00e7\u00e3o que teremos aqui em Flor de Ibez nos feriados de setembro e de outubro. Na verdade, ela \u00e9 bem agitada e n\u00e3o v\u00ea a hora de come\u00e7ar a se movimentar para a constru\u00e7\u00e3o da Casa-Gatil. Mas vai ser \u00f3timo, porque a Betinha j\u00e1 tem experi\u00eancia nesse campo e \u00e9 super dispon\u00edvel. Basta apertar o bot\u00e3o e ela segue trabalhando at\u00e9 que voc\u00ea pe\u00e7a para parar!<\/p>\n<p style=\"text-align: left; font-size: 17px; font-family: helvetica, arial, sans-serif; color: #5b4900; line-height: 200%;\"><img decoding=\"async\" loading=\"lazy\" class=\"wp-image-1797 alignleft\" title=\"Clique para conhecer mais\" src=\"http:\/\/flordeibez.org\/flor\/wp-content\/uploads\/2017\/09\/betaneira_02_.jpg\" alt=\"\" width=\"400\" height=\"225\" \/>A Betinha foi montada pelo Fernando em 2015, quando come\u00e7amos a bionconstruir. Sofreu pequenas cirurgias mas est\u00e1 \u00f3tima!<\/p>\n<p style=\"text-align: left; font-size: 17px; font-family: helvetica, arial, sans-serif; color: #5b4900; line-height: 200%;\">Como funciona? Motor de m\u00e1quina de lavar roupa; roda de bicicleta; corrente de motocicleta; tambor reciclado; algumas soldas e tubos e a\u00ed est\u00e1, feliz da vida!<\/p>\n<p style=\"text-align: left; font-size: 17px; font-family: helvetica, arial, sans-serif; color: #5b4900; line-height: 200%;\">Dito isso, gratid\u00e3o a voc\u00eas por nos ouvirem, esse texto era mesmo s\u00f3 para lhes apresentar a Betinha. Oi? Desculpem-me, s\u00f3 um minutinho... Ah, sim! \u00a0A Betinha est\u00e1 pedindo para lhes transmitir um recado: venham\u00a0<a title=\"Clique para conhecer mais!\" href=\"https:\/\/goo.gl\/forms\/D2z9CiYft4WolkVH2\" target=\"_blank\" rel=\"noopener\"><b>voluntariar<\/b><\/a>\u00a0com ela na constru\u00e7\u00e3o da Casa-Gatil. Se n\u00e3o puderem, saibam que \u00e9 muito simples colaborar \u00e0 dist\u00e2ncia no\u00a0<a title=\"Clique para conhecer mais!\" href=\"http:\/\/flordeibez.org\/\" rel=\"noopener\"><b>Projeto Gato-Amigo<\/b><\/a>. E que ajuda de voc\u00eas \u00e9 <b>realmente<\/b> importante!<\/p>\n<p style=\"text-align: left; font-size: 17px; font-family: helvetica, arial, sans-serif; color: #5b4900; line-height: 200%;\">Gratid\u00e3o Betinha, pela participa\u00e7\u00e3o!\u00a0Participem voc\u00eas tamb\u00e9m! Fa\u00e7am parte dessa fam\u00edlia!<\/p>\n<\/div>\n<\/div><\/div><\/div><\/div><\/div><\/div>","protected":false},"excerpt":{"rendered":"<p>Conhece a Betinha? Betinha &#8212; ou Betaneira &#8212; \u00e9 uma fiel colaboradora! Ela j\u00e1 est\u00e1 escalada para as imers\u00f5es em bioconstru\u00e7\u00e3o que teremos aqui em Flor de Ibez nos feriados de setembro e de outubro. Na verdade, ela \u00e9 bem agitada e n\u00e3o v\u00ea a hora de come\u00e7ar a se movimentar para a constru\u00e7\u00e3o da [&hellip;]<\/p>\n","protected":false},"author":2,"featured_media":0,"parent":0,"menu_order":0,"comment_status":"closed","ping_status":"closed","template":"","meta":[],"_links":{"self":[{"href":"https:\/\/flordeibez.org\/flor\/wp-json\/wp\/v2\/pages\/1901"}],"collection":[{"href":"https:\/\/flordeibez.org\/flor\/wp-json\/wp\/v2\/pages"}],"about":[{"href":"https:\/\/flordeibez.org\/flor\/wp-json\/wp\/v2\/types\/page"}],"author":[{"embeddable":true,"href":"https:\/\/flordeibez.org\/flor\/wp-json\/wp\/v2\/users\/2"}],"replies":[{"embeddable":true,"href":"https:\/\/flordeibez.org\/flor\/wp-json\/wp\/v2\/comments?post=1901"}],"version-history":[{"count":17,"href":"https:\/\/flordeibez.org\/flor\/wp-json\/wp\/v2\/pages\/1901\/revisions"}],"predecessor-version":[{"id":1908,"href":"https:\/\/flordeibez.org\/flor\/wp-json\/wp\/v2\/pages\/1901\/revisions\/1908"}],"wp:attachment":[{"href":"https:\/\/flordeibez.org\/flor\/wp-json\/wp\/v2\/media?parent=1901"}],"curies":[{"name":"wp","href":"https:\/\/api.w.org\/{rel}","templated":true}]}}